CRAN Package Check Results for Package NetworkReg

Last updated on 2020-09-29 15:47:40 CEST.

Flavor Version Tinstall Tcheck Ttotal Status Flags
r-devel-linux-x86_64-debian-clang 1.0 7.10 67.67 74.77 OK
r-devel-linux-x86_64-debian-gcc 1.0 6.03 52.43 58.46 OK
r-devel-linux-x86_64-fedora-clang 1.0 98.40 NOTE
r-devel-linux-x86_64-fedora-gcc 1.0 90.37 NOTE
r-devel-windows-ix86+x86_64 1.0 17.00 89.00 106.00 OK
r-patched-linux-x86_64 1.0 7.50 63.65 71.15 OK
r-patched-solaris-x86 1.0 139.40 NOTE
r-release-linux-x86_64 1.0 7.24 63.66 70.90 OK
r-release-macos-x86_64 1.0 NOTE
r-release-windows-ix86+x86_64 1.0 18.00 85.00 103.00 OK
r-oldrel-macos-x86_64 1.0 NOTE
r-oldrel-windows-ix86+x86_64 1.0 15.00 83.00 98.00 OK

Check Details

Version: 1.0
Check: dependencies in R code
Result: NOTE
    Namespace in Imports field not imported from: ‘methods’
     All declared Imports should be used.
Flavors: r-devel-linux-x86_64-fedora-clang, r-devel-linux-x86_64-fedora-gcc, r-patched-solaris-x86, r-release-macos-x86_64, r-oldrel-macos-x86_64