CRAN Package Check Results for Package NatureSounds

Last updated on 2020-10-23 15:48:12 CEST.

Flavor Version Tinstall Tcheck Ttotal Status Flags
r-devel-linux-x86_64-debian-clang 1.0.3 5.22 26.15 31.37 OK
r-devel-linux-x86_64-debian-gcc 1.0.3 4.80 20.92 25.72 OK
r-devel-linux-x86_64-fedora-clang 1.0.3 47.50 NOTE
r-devel-linux-x86_64-fedora-gcc 1.0.3 40.84 NOTE
r-devel-windows-ix86+x86_64 1.0.3 9.00 43.00 52.00 NOTE
r-patched-linux-x86_64 1.0.3 5.24 25.56 30.80 OK
r-patched-solaris-x86 1.0.3 60.40 NOTE
r-release-linux-x86_64 1.0.3 5.99 25.54 31.53 OK
r-release-macos-x86_64 1.0.3 NOTE
r-release-windows-ix86+x86_64 1.0.3 8.00 43.00 51.00 NOTE
r-oldrel-macos-x86_64 1.0.3 NOTE
r-oldrel-windows-ix86+x86_64 1.0.3 8.00 46.00 54.00 NOTE

Check Details

Version: 1.0.3
Check: installed package size
Result: NOTE
     installed size is 5.9Mb
     sub-directories of 1Mb or more:
     data 4.0Mb
     doc 1.9Mb
Flavors: r-devel-linux-x86_64-fedora-clang, r-devel-windows-ix86+x86_64, r-patched-solaris-x86, r-release-macos-x86_64, r-release-windows-ix86+x86_64, r-oldrel-macos-x86_64, r-oldrel-windows-ix86+x86_64

Version: 1.0.3
Check: dependencies in R code
Result: NOTE
    Namespace in Imports field not imported from: ‘tuneR’
     All declared Imports should be used.
Flavors: r-devel-linux-x86_64-fedora-clang, r-devel-linux-x86_64-fedora-gcc, r-patched-solaris-x86, r-release-macos-x86_64, r-oldrel-macos-x86_64