CRAN Package Check Results for Package NRejections

Last updated on 2020-09-22 03:49:32 CEST.

Flavor Version Tinstall Tcheck Ttotal Status Flags
r-devel-linux-x86_64-debian-clang 1.2.0 3.06 27.32 30.38 OK
r-devel-linux-x86_64-debian-gcc 1.2.0 0.30 1.96 2.26 ERROR
r-devel-linux-x86_64-fedora-clang 1.2.0 46.54 OK
r-devel-linux-x86_64-fedora-gcc 1.2.0 36.89 OK
r-devel-windows-ix86+x86_64 1.2.0 7.00 50.00 57.00 OK
r-patched-linux-x86_64 1.2.0 3.17 27.31 30.48 OK
r-patched-solaris-x86 1.2.0 55.50 OK
r-release-linux-x86_64 1.2.0 2.95 27.15 30.10 OK
r-release-macos-x86_64 1.2.0 OK
r-release-windows-ix86+x86_64 1.2.0 7.00 49.00 56.00 OK
r-oldrel-macos-x86_64 1.2.0 OK
r-oldrel-windows-ix86+x86_64 1.2.0 4.00 42.00 46.00 OK

Check Details

Version: 1.2.0
Check: whether package can be installed
Result: ERROR
    Installation failed.
Flavor: r-devel-linux-x86_64-debian-gcc