CRAN Package Check Results for Package NPHMC

Last updated on 2025-01-15 03:49:46 CET.

Flavor Version Tinstall Tcheck Ttotal Status Flags
r-devel-linux-x86_64-debian-clang 2.3 6.69 52.70 59.39 NOTE
r-devel-linux-x86_64-debian-gcc 2.3 4.77 39.49 44.26 NOTE
r-devel-linux-x86_64-fedora-clang 2.3 94.52 OK
r-devel-linux-x86_64-fedora-gcc 2.3 91.45 OK
r-devel-windows-x86_64 2.3 7.00 68.00 75.00 NOTE
r-patched-linux-x86_64 2.3 9.51 49.61 59.12 OK
r-release-linux-x86_64 2.3 5.99 49.67 55.66 OK
r-release-macos-arm64 2.3 29.00 OK
r-release-macos-x86_64 2.3 43.00 OK
r-release-windows-x86_64 2.3 7.00 67.00 74.00 OK
r-oldrel-macos-arm64 2.3 30.00 OK
r-oldrel-macos-x86_64 2.3 53.00 OK
r-oldrel-windows-x86_64 2.3 9.00 77.00 86.00 OK

Check Details

Version: 2.3
Check: Rd cross-references
Result: NOTE Found the following Rd file(s) with Rd \link{} targets missing package anchors: NPHMC-package.Rd: smcure Please provide package anchors for all Rd \link{} targets not in the package itself and the base packages. Flavors: r-devel-linux-x86_64-debian-clang, r-devel-linux-x86_64-debian-gcc, r-devel-windows-x86_64