CRAN Package Check Results for Package NLRoot

Last updated on 2021-09-19 03:51:17 CEST.

Flavor Version Tinstall Tcheck Ttotal Status Flags
r-devel-linux-x86_64-debian-clang 1.0 1.87 20.51 22.38 OK
r-devel-linux-x86_64-debian-gcc 1.0 1.49 16.55 18.04 OK
r-devel-linux-x86_64-fedora-clang 1.0 36.32 OK
r-devel-linux-x86_64-fedora-gcc 1.0 25.60 OK
r-devel-windows-x86_64 1.0 4.00 24.00 28.00 OK
r-devel-windows-x86_64-gcc10-UCRT 1.0 ERROR
r-patched-linux-x86_64 1.0 1.82 19.94 21.76 OK
r-patched-solaris-x86 1.0 42.30 OK
r-release-linux-x86_64 1.0 1.64 19.92 21.56 OK
r-release-macos-arm64 1.0 OK
r-release-macos-x86_64 1.0 OK
r-release-windows-ix86+x86_64 1.0 5.00 31.00 36.00 OK
r-oldrel-macos-x86_64 1.0 OK
r-oldrel-windows-ix86+x86_64 1.0 5.00 29.00 34.00 OK

Check Details

Version: 1.0
Check: whether package can be installed
Result: WARN
    Found the following significant warnings:
     WARNING: installation-time patches will not be applied, could not get the patches index
Flavor: r-devel-windows-x86_64-gcc10-UCRT

Version: 1.0
Check: PDF version of manual
Result: WARN
    LaTeX errors when creating PDF version.
    This typically indicates Rd problems.
Flavor: r-devel-windows-x86_64-gcc10-UCRT

Version: 1.0
Check: PDF version of manual without hyperrefs or index
Result: ERROR
    Re-running with no redirection of stdout/stderr.
Flavor: r-devel-windows-x86_64-gcc10-UCRT