CRAN Package Check Results for Package NISTunits

Last updated on 2021-04-11 15:46:57 CEST.

Flavor Version Tinstall Tcheck Ttotal Status Flags
r-devel-linux-x86_64-debian-clang 1.0.1 12.89 99.85 112.74 NOTE
r-devel-linux-x86_64-debian-gcc 1.0.1 9.32 77.24 86.56 NOTE
r-devel-linux-x86_64-fedora-clang 1.0.1 142.56 NOTE
r-devel-linux-x86_64-fedora-gcc 1.0.1 132.60 NOTE
r-devel-windows-ix86+x86_64 1.0.1 25.00 169.00 194.00 NOTE
r-devel-windows-x86_64-gcc10-UCRT 1.0.1 NOTE
r-patched-linux-x86_64 1.0.1 12.32 97.02 109.34 NOTE
r-patched-solaris-x86 1.0.1 160.50 NOTE
r-release-linux-x86_64 1.0.1 11.78 96.62 108.40 NOTE
r-release-macos-x86_64 1.0.1 NOTE
r-release-windows-ix86+x86_64 1.0.1 21.00 160.00 181.00 NOTE
r-oldrel-macos-x86_64 1.0.1 NOTE
r-oldrel-windows-ix86+x86_64 1.0.1 28.00 202.00 230.00 NOTE

Check Details

Version: 1.0.1
Check: DESCRIPTION meta-information
Result: NOTE
    Malformed Description field: should contain one or more complete sentences.
Flavors: r-devel-linux-x86_64-debian-clang, r-devel-linux-x86_64-debian-gcc, r-devel-linux-x86_64-fedora-clang, r-devel-linux-x86_64-fedora-gcc, r-devel-windows-ix86+x86_64, r-devel-windows-x86_64-gcc10-UCRT, r-patched-linux-x86_64, r-patched-solaris-x86, r-release-linux-x86_64, r-release-macos-x86_64, r-release-windows-ix86+x86_64, r-oldrel-macos-x86_64, r-oldrel-windows-ix86+x86_64

Version: 1.0.1
Check: data for non-ASCII characters
Result: NOTE
     Note: found 170 marked UTF-8 strings
Flavors: r-devel-linux-x86_64-fedora-clang, r-devel-linux-x86_64-fedora-gcc, r-devel-windows-x86_64-gcc10-UCRT, r-patched-solaris-x86, r-release-macos-x86_64, r-oldrel-macos-x86_64