CRAN Package Check Results for Package NHANES

Last updated on 2023-11-30 15:48:23 CET.

Flavor Version Tinstall Tcheck Ttotal Status Flags
r-devel-linux-x86_64-debian-clang 2.1.0 3.29 25.18 28.47 NOTE
r-devel-linux-x86_64-debian-gcc 2.1.0 2.51 19.62 22.13 NOTE
r-devel-linux-x86_64-fedora-clang 2.1.0 35.08 OK
r-devel-linux-x86_64-fedora-gcc 2.1.0 33.44 OK
r-devel-windows-x86_64 2.1.0 4.00 41.00 45.00 OK
r-patched-linux-x86_64 2.1.0 3.38 24.71 28.09 OK
r-release-linux-x86_64 2.1.0 3.06 24.44 27.50 OK
r-release-macos-arm64 2.1.0 17.00 OK
r-release-macos-x86_64 2.1.0 23.00 OK
r-release-windows-x86_64 2.1.0 5.00 43.00 48.00 OK
r-oldrel-macos-arm64 2.1.0 19.00 OK
r-oldrel-macos-x86_64 2.1.0 23.00 OK
r-oldrel-windows-x86_64 2.1.0 5.00 45.00 50.00 OK

Check Details

Version: 2.1.0
Check: Rd files
Result: NOTE checkRd: (-1) NHANES.Rd:278: Lost braces 278 | \code{AgeFirstMarij}{Age participant first tried marijuana. Reported for participants aged 18 to 59 years.} | ^ Flavors: r-devel-linux-x86_64-debian-clang, r-devel-linux-x86_64-debian-gcc