Last updated on 2023-02-01 15:51:31 CET.
Flavor | Version | Tinstall | Tcheck | Ttotal | Status | Flags |
---|---|---|---|---|---|---|
r-devel-linux-x86_64-debian-clang | 1.2.1 | 4.83 | 112.31 | 117.14 | OK | |
r-devel-linux-x86_64-debian-gcc | 1.2.1 | 3.92 | 83.78 | 87.70 | OK | |
r-devel-linux-x86_64-fedora-clang | 1.2.1 | 126.08 | NOTE | |||
r-devel-linux-x86_64-fedora-gcc | 1.2.1 | 157.09 | NOTE | |||
r-devel-windows-x86_64 | 1.2.1 | 19.00 | 150.00 | 169.00 | OK | |
r-patched-linux-x86_64 | 1.2.1 | 3.45 | 103.44 | 106.89 | OK | |
r-release-linux-x86_64 | 1.2.1 | 3.83 | 106.62 | 110.45 | OK | |
r-release-macos-arm64 | 1.2.1 | 43.00 | NOTE | |||
r-release-macos-x86_64 | 1.2.1 | 54.00 | NOTE | |||
r-release-windows-x86_64 | 1.2.1 | 23.00 | 146.00 | 169.00 | OK | |
r-oldrel-macos-arm64 | 1.2.1 | 41.00 | NOTE | |||
r-oldrel-macos-x86_64 | 1.2.1 | 63.00 | NOTE | |||
r-oldrel-windows-ix86+x86_64 | 1.2.1 | 8.00 | 138.00 | 146.00 | OK |
Version: 1.2.1
Check: dependencies in R code
Result: NOTE
Namespaces in Imports field not imported from:
‘Rdpack’ ‘curl’ ‘mathjaxr’
All declared Imports should be used.
Flavors: r-devel-linux-x86_64-fedora-clang, r-devel-linux-x86_64-fedora-gcc, r-release-macos-arm64, r-release-macos-x86_64, r-oldrel-macos-arm64, r-oldrel-macos-x86_64