Last updated on 2023-12-01 15:53:42 CET.
Flavor | Version | Tinstall | Tcheck | Ttotal | Status | Flags |
---|---|---|---|---|---|---|
r-devel-linux-x86_64-debian-clang | 1.2.1 | 3.22 | 134.47 | 137.69 | OK | |
r-devel-linux-x86_64-debian-gcc | 1.2.1 | 3.91 | 82.88 | 86.79 | OK | |
r-devel-linux-x86_64-fedora-clang | 1.2.1 | 145.94 | NOTE | |||
r-devel-linux-x86_64-fedora-gcc | 1.2.1 | 151.23 | NOTE | |||
r-devel-windows-x86_64 | 1.2.1 | 5.00 | 101.00 | 106.00 | OK | |
r-patched-linux-x86_64 | 1.2.1 | 4.76 | 106.31 | 111.07 | OK | |
r-release-linux-x86_64 | 1.2.1 | 3.97 | 108.60 | 112.57 | OK | |
r-release-macos-arm64 | 1.2.1 | 48.00 | OK | |||
r-release-macos-x86_64 | 1.2.1 | 76.00 | OK | |||
r-release-windows-x86_64 | 1.2.1 | 7.00 | 119.00 | 126.00 | OK | |
r-oldrel-macos-arm64 | 1.2.1 | 43.00 | NOTE | |||
r-oldrel-macos-x86_64 | 1.2.1 | 54.00 | NOTE | |||
r-oldrel-windows-x86_64 | 1.2.1 | 6.00 | 118.00 | 124.00 | OK |
Version: 1.2.1
Check: dependencies in R code
Result: NOTE
Namespaces in Imports field not imported from:
‘Rdpack’ ‘curl’ ‘mathjaxr’
All declared Imports should be used.
Flavors: r-devel-linux-x86_64-fedora-clang, r-devel-linux-x86_64-fedora-gcc, r-oldrel-macos-arm64, r-oldrel-macos-x86_64