CRAN Package Check Results for Package NEONiso

Last updated on 2024-06-13 15:48:30 CEST.

Flavor Version Tinstall Tcheck Ttotal Status Flags
r-devel-linux-x86_64-debian-clang 0.7.0 11.61 245.25 256.86 OK
r-devel-linux-x86_64-debian-gcc 0.7.0 0.49 1.90 2.39 ERROR
r-devel-linux-x86_64-fedora-clang 0.7.0 305.14 OK
r-devel-linux-x86_64-fedora-gcc 0.7.0 311.48 OK
r-devel-windows-x86_64 0.7.0 10.00 262.00 272.00 OK
r-patched-linux-x86_64 0.7.0 8.87 239.56 248.43 OK
r-release-linux-x86_64 0.7.0 7.18 239.07 246.25 OK
r-release-macos-arm64 0.7.0 188.00 OK
r-release-macos-x86_64 0.7.0 236.00 OK
r-release-windows-x86_64 0.7.0 10.00 253.00 263.00 OK
r-oldrel-macos-arm64 0.7.0 183.00 OK
r-oldrel-macos-x86_64 0.7.0 340.00 OK
r-oldrel-windows-x86_64 0.7.0 13.00 316.00 329.00 OK

Check Details

Version: 0.7.0
Check: package dependencies
Result: ERROR Packages required but not available: 'dplyr', 'lubridate', 'neonUtilities', 'tidyselect', 'caret', 'ggplot2' Package suggested but not available for checking: ‘testthat’ See section ‘The DESCRIPTION file’ in the ‘Writing R Extensions’ manual. Flavor: r-devel-linux-x86_64-debian-gcc