CRAN Package Check Results for Package NBAloveR

Last updated on 2020-11-25 15:52:02 CET.

Flavor Version Tinstall Tcheck Ttotal Status Flags
r-devel-linux-x86_64-debian-clang 0.1.3.3 2.93 26.27 29.20 OK
r-devel-linux-x86_64-debian-gcc 0.1.3.3 2.62 20.98 23.60 OK
r-devel-linux-x86_64-fedora-clang 0.1.3.3 42.15 NOTE
r-devel-linux-x86_64-fedora-gcc 0.1.3.3 34.65 NOTE
r-devel-windows-ix86+x86_64 0.1.3.3 6.00 37.00 43.00 OK
r-patched-linux-x86_64 0.1.3.3 2.91 25.95 28.86 OK
r-patched-solaris-x86 0.1.3.3 48.60 NOTE
r-release-linux-x86_64 0.1.3.3 3.30 25.22 28.52 OK
r-release-macos-x86_64 0.1.3.3 NOTE
r-release-windows-ix86+x86_64 0.1.3.3 7.00 34.00 41.00 OK
r-oldrel-macos-x86_64 0.1.3.3 NOTE
r-oldrel-windows-ix86+x86_64 0.1.3.3 3.00 29.00 32.00 OK

Check Details

Version: 0.1.3.3
Check: data for non-ASCII characters
Result: NOTE
     Note: found 140 marked UTF-8 strings
Flavors: r-devel-linux-x86_64-fedora-clang, r-devel-linux-x86_64-fedora-gcc, r-patched-solaris-x86, r-release-macos-x86_64, r-oldrel-macos-x86_64