CRAN Package Check Results for Package NAM

Last updated on 2021-01-25 03:52:47 CET.

Flavor Version Tinstall Tcheck Ttotal Status Flags
r-devel-linux-x86_64-debian-clang 1.7.3 48.35 81.05 129.40 OK
r-devel-linux-x86_64-debian-gcc 1.7.3 34.57 61.82 96.39 OK
r-devel-linux-x86_64-fedora-clang 1.7.3 176.99 NOTE
r-devel-linux-x86_64-fedora-gcc 1.7.3 160.89 OK
r-devel-windows-ix86+x86_64 1.7.3 99.00 122.00 221.00 OK
r-patched-linux-x86_64 1.7.3 42.78 75.41 118.19 OK
r-patched-solaris-x86 1.7.3 179.20 OK
r-release-linux-x86_64 1.7.3 38.27 74.61 112.88 OK
r-release-macos-x86_64 1.7.3 NOTE
r-release-windows-ix86+x86_64 1.7.3 99.00 92.00 191.00 OK
r-oldrel-macos-x86_64 1.7.3 NOTE
r-oldrel-windows-ix86+x86_64 1.7.3 79.00 110.00 189.00 OK

Check Details

Version: 1.7.3
Check: installed package size
Result: NOTE
     installed size is 7.4Mb
     sub-directories of 1Mb or more:
     libs 5.1Mb
Flavors: r-devel-linux-x86_64-fedora-clang, r-release-macos-x86_64, r-oldrel-macos-x86_64