CRAN Package Check Results for Package NAM

Last updated on 2020-09-23 16:38:47 CEST.

Flavor Version Tinstall Tcheck Ttotal Status Flags
r-devel-linux-x86_64-debian-clang 1.7.3 47.53 79.41 126.94 OK
r-devel-linux-x86_64-debian-gcc 1.7.3 39.15 60.19 99.34 OK
r-devel-linux-x86_64-fedora-clang 1.7.3 172.78 NOTE
r-devel-linux-x86_64-fedora-gcc 1.7.3 165.14 OK
r-devel-windows-ix86+x86_64 1.7.3 98.00 116.00 214.00 OK
r-patched-linux-x86_64 1.7.3 45.45 74.29 119.74 OK
r-patched-solaris-x86 1.7.3 178.50 OK
r-release-linux-x86_64 1.7.3 45.31 75.55 120.86 OK
r-release-macos-x86_64 1.7.3 NOTE
r-release-windows-ix86+x86_64 1.7.3 81.00 118.00 199.00 OK
r-oldrel-macos-x86_64 1.7.3 NOTE
r-oldrel-windows-ix86+x86_64 1.7.3 66.00 111.00 177.00 OK

Check Details

Version: 1.7.3
Check: installed package size
Result: NOTE
     installed size is 7.6Mb
     sub-directories of 1Mb or more:
     libs 5.4Mb
Flavors: r-devel-linux-x86_64-fedora-clang, r-release-macos-x86_64, r-oldrel-macos-x86_64