CRAN Package Check Results for Package MultiVarSel

Last updated on 2020-09-18 15:52:53 CEST.

Flavor Version Tinstall Tcheck Ttotal Status Flags
r-devel-linux-x86_64-debian-clang 1.1.3 7.87 65.93 73.80 OK
r-devel-linux-x86_64-debian-gcc 1.1.3 6.37 50.25 56.62 OK
r-devel-linux-x86_64-fedora-clang 1.1.3 98.86 NOTE
r-devel-linux-x86_64-fedora-gcc 1.1.3 94.11 NOTE
r-devel-windows-ix86+x86_64 1.1.3 17.00 86.00 103.00 OK
r-patched-linux-x86_64 1.1.3 6.97 63.59 70.56 OK
r-patched-solaris-x86 1.1.3 132.80 NOTE
r-release-linux-x86_64 1.1.3 7.14 63.19 70.33 OK
r-release-macos-x86_64 1.1.3 NOTE
r-release-windows-ix86+x86_64 1.1.3 16.00 69.00 85.00 OK
r-oldrel-macos-x86_64 1.1.3 NOTE
r-oldrel-windows-ix86+x86_64 1.1.3 10.00 93.00 103.00 OK

Check Details

Version: 1.1.3
Check: data for non-ASCII characters
Result: NOTE
     Note: found 6 marked UTF-8 strings
Flavors: r-devel-linux-x86_64-fedora-clang, r-devel-linux-x86_64-fedora-gcc, r-patched-solaris-x86, r-release-macos-x86_64, r-oldrel-macos-x86_64