Last updated on 2023-02-06 03:54:38 CET.
Flavor | Version | Tinstall | Tcheck | Ttotal | Status | Flags |
---|---|---|---|---|---|---|
r-devel-linux-x86_64-debian-clang | 0.1.0 | 17.95 | 178.45 | 196.40 | NOTE | |
r-devel-linux-x86_64-debian-gcc | 0.1.0 | 13.67 | 129.74 | 143.41 | NOTE | |
r-devel-linux-x86_64-fedora-clang | 0.1.0 | 235.90 | NOTE | |||
r-devel-linux-x86_64-fedora-gcc | 0.1.0 | 227.70 | NOTE | |||
r-devel-windows-x86_64 | 0.1.0 | 58.00 | 209.00 | 267.00 | NOTE | |
r-patched-linux-x86_64 | 0.1.0 | 14.96 | 166.46 | 181.42 | NOTE | |
r-release-linux-x86_64 | 0.1.0 | 16.48 | 166.67 | 183.15 | NOTE | |
r-release-macos-arm64 | 0.1.0 | 64.00 | NOTE | |||
r-release-macos-x86_64 | 0.1.0 | 85.00 | NOTE | |||
r-release-windows-x86_64 | 0.1.0 | 81.00 | 208.00 | 289.00 | NOTE | |
r-oldrel-macos-arm64 | 0.1.0 | 54.00 | NOTE | |||
r-oldrel-macos-x86_64 | 0.1.0 | 82.00 | NOTE | |||
r-oldrel-windows-ix86+x86_64 | 0.1.0 | 35.00 | 198.00 | 233.00 | NOTE |
Version: 0.1.0
Check: package dependencies
Result: NOTE
Package suggested but not available for checking: ‘rrelaxiv’
Flavors: r-devel-linux-x86_64-debian-clang, r-devel-linux-x86_64-debian-gcc, r-devel-linux-x86_64-fedora-clang, r-devel-linux-x86_64-fedora-gcc, r-devel-windows-x86_64, r-patched-linux-x86_64, r-release-linux-x86_64, r-release-macos-arm64, r-release-macos-x86_64, r-release-windows-x86_64, r-oldrel-macos-arm64, r-oldrel-macos-x86_64, r-oldrel-windows-ix86+x86_64
Version: 0.1.0
Check: dependencies in R code
Result: NOTE
Namespaces in Imports field not imported from:
‘RCurl’ ‘fields’ ‘optmatch’ ‘rcbalance’ ‘utils’
All declared Imports should be used.
Flavors: r-devel-linux-x86_64-fedora-clang, r-devel-linux-x86_64-fedora-gcc, r-release-macos-arm64, r-release-macos-x86_64, r-oldrel-macos-arm64, r-oldrel-macos-x86_64