Last updated on 2022-06-27 15:53:48 CEST.
Flavor | Version | Tinstall | Tcheck | Ttotal | Status | Flags |
---|---|---|---|---|---|---|
r-devel-linux-x86_64-debian-clang | 0.2.0 | 107.08 | 151.90 | 258.98 | OK | |
r-devel-linux-x86_64-debian-gcc | 0.2.0 | 86.40 | 109.05 | 195.45 | OK | |
r-devel-linux-x86_64-fedora-clang | 0.2.0 | 353.92 | NOTE | |||
r-devel-linux-x86_64-fedora-gcc | 0.2.0 | 344.45 | NOTE | |||
r-devel-windows-x86_64 | 0.2.0 | 91.00 | 182.00 | 273.00 | OK | |
r-patched-linux-x86_64 | 0.2.0 | 84.93 | 157.60 | 242.53 | OK | |
r-release-linux-x86_64 | 0.2.0 | 85.42 | 156.44 | 241.86 | OK | |
r-release-macos-arm64 | 0.2.0 | 71.00 | NOTE | |||
r-release-macos-x86_64 | 0.2.0 | 96.00 | NOTE | |||
r-release-windows-x86_64 | 0.2.0 | 88.00 | 174.00 | 262.00 | OK | |
r-oldrel-macos-arm64 | 0.2.0 | 102.00 | NOTE | |||
r-oldrel-macos-x86_64 | 0.2.0 | 155.00 | NOTE | |||
r-oldrel-windows-ix86+x86_64 | 0.2.0 | 273.00 | 191.00 | 464.00 | OK |
Version: 0.2.0
Check: compiled code
Result: NOTE
File ‘MultiBD/libs/MultiBD.so’:
Found no calls to: ‘R_registerRoutines’, ‘R_useDynamicSymbols’
It is good practice to register native routines and to disable symbol
search.
See ‘Writing portable packages’ in the ‘Writing R Extensions’ manual.
Flavors: r-devel-linux-x86_64-fedora-clang, r-devel-linux-x86_64-fedora-gcc
Version: 0.2.0
Check: installed package size
Result: NOTE
installed size is 6.4Mb
sub-directories of 1Mb or more:
libs 4.8Mb
Flavors: r-release-macos-arm64, r-release-macos-x86_64, r-oldrel-macos-arm64, r-oldrel-macos-x86_64