CRAN Package Check Results for Package MultiBD

Last updated on 2020-11-25 15:52:02 CET.

Flavor Version Tinstall Tcheck Ttotal Status Flags
r-devel-linux-x86_64-debian-clang 0.2.0 149.71 145.18 294.89 OK
r-devel-linux-x86_64-debian-gcc 0.2.0 134.14 105.78 239.92 OK
r-devel-linux-x86_64-fedora-clang 0.2.0 340.90 NOTE
r-devel-linux-x86_64-fedora-gcc 0.2.0 340.17 NOTE
r-devel-windows-ix86+x86_64 0.2.0 254.00 156.00 410.00 OK
r-patched-linux-x86_64 0.2.0 163.96 156.11 320.07 OK
r-patched-solaris-x86 0.2.0 47.00 ERROR
r-release-linux-x86_64 0.2.0 204.90 155.73 360.63 OK
r-release-macos-x86_64 0.2.0 NOTE
r-release-windows-ix86+x86_64 0.2.0 260.00 186.00 446.00 OK
r-oldrel-macos-x86_64 0.2.0 NOTE
r-oldrel-windows-ix86+x86_64 0.2.0 223.00 140.00 363.00 OK

Check Details

Version: 0.2.0
Check: installed package size
Result: NOTE
     installed size is 6.1Mb
     sub-directories of 1Mb or more:
     libs 4.5Mb
Flavors: r-devel-linux-x86_64-fedora-clang, r-release-macos-x86_64, r-oldrel-macos-x86_64

Version: 0.2.0
Check: compiled code
Result: NOTE
    File ‘MultiBD/libs/MultiBD.so’:
     Found no calls to: ‘R_registerRoutines’, ‘R_useDynamicSymbols’
    
    It is good practice to register native routines and to disable symbol
    search.
    
    See ‘Writing portable packages’ in the ‘Writing R Extensions’ manual.
Flavors: r-devel-linux-x86_64-fedora-clang, r-devel-linux-x86_64-fedora-gcc

Version: 0.2.0
Check: whether package can be installed
Result: ERROR
    Installation failed.
Flavor: r-patched-solaris-x86