CRAN Package Check Results for Package MultIS

Last updated on 2025-04-23 03:50:21 CEST.

Flavor Version Tinstall Tcheck Ttotal Status Flags
r-devel-linux-x86_64-debian-clang 0.6.2 5.54 68.81 74.35 OK
r-devel-linux-x86_64-debian-gcc 0.6.2 3.43 48.91 52.34 OK
r-devel-linux-x86_64-fedora-clang 0.6.2 115.80 NOTE
r-devel-linux-x86_64-fedora-gcc 0.6.2 127.93 NOTE
r-devel-windows-x86_64 0.6.2 7.00 88.00 95.00 OK
r-patched-linux-x86_64 0.6.2 5.95 66.75 72.70 OK
r-release-linux-x86_64 0.6.2 4.90 65.76 70.66 OK
r-release-macos-arm64 0.6.2 86.00 OK
r-release-macos-x86_64 0.6.2 85.00 OK
r-release-windows-x86_64 0.6.2 8.00 92.00 100.00 OK
r-oldrel-macos-arm64 0.6.2 40.00 OK
r-oldrel-macos-x86_64 0.6.2 63.00 OK
r-oldrel-windows-x86_64 0.6.2 9.00 110.00 119.00 OK

Check Details

Version: 0.6.2
Check: dependencies in R code
Result: NOTE Namespaces in Imports field not imported from: ‘poweRlaw’ ‘rmutil’ All declared Imports should be used. Flavors: r-devel-linux-x86_64-fedora-clang, r-devel-linux-x86_64-fedora-gcc