CRAN Package Check Results for Package MultBiplotR

Last updated on 2022-01-26 15:52:56 CET.

Flavor Version Tinstall Tcheck Ttotal Status Flags
r-devel-linux-x86_64-debian-clang 1.3.30 42.97 267.14 310.11 OK
r-devel-linux-x86_64-debian-gcc 1.3.30 32.83 199.55 232.38 OK
r-devel-linux-x86_64-fedora-clang 1.3.30 399.52 NOTE
r-devel-linux-x86_64-fedora-gcc 1.3.30 361.17 NOTE
r-devel-windows-x86_64-new-UL 1.3.30 500.00 341.00 841.00 OK
r-devel-windows-x86_64-new-TK 1.3.30 ERROR
r-patched-linux-x86_64 1.3.30 41.47 253.11 294.58 OK
r-release-linux-x86_64 1.3.30 30.51 248.47 278.98 OK
r-release-macos-arm64 1.3.30 NOTE
r-release-macos-x86_64 1.3.30 NOTE
r-release-windows-ix86+x86_64 1.3.30 77.00 308.00 385.00 OK
r-oldrel-macos-x86_64 1.3.30 NOTE
r-oldrel-windows-ix86+x86_64 1.3.30 73.00 315.00 388.00 OK

Check Details

Version: 1.3.30
Check: dependencies in R code
Result: NOTE
    Namespace in Imports field not imported from: ‘polycor’
     All declared Imports should be used.
Flavors: r-devel-linux-x86_64-fedora-clang, r-devel-linux-x86_64-fedora-gcc, r-release-macos-arm64, r-release-macos-x86_64, r-oldrel-macos-x86_64

Version: 1.3.30
Check: package dependencies
Result: ERROR
    Package required but not available: 'car'
    
    See section 'The DESCRIPTION file' in the 'Writing R Extensions'
    manual.
Flavor: r-devel-windows-x86_64-new-TK