CRAN Package Check Results for Package MuMIn

Last updated on 2020-09-30 15:48:03 CEST.

Flavor Version Tinstall Tcheck Ttotal Status Flags
r-devel-linux-x86_64-debian-clang 1.43.17 17.63 164.85 182.48 OK
r-devel-linux-x86_64-debian-gcc 1.43.17 13.64 123.07 136.71 OK
r-devel-linux-x86_64-fedora-clang 1.43.17 219.07 NOTE
r-devel-linux-x86_64-fedora-gcc 1.43.17 229.63 OK
r-devel-windows-ix86+x86_64 1.43.17 32.00 209.00 241.00 NOTE
r-patched-linux-x86_64 1.43.17 17.59 150.07 167.66 OK
r-patched-solaris-x86 1.43.17 309.00 OK
r-release-linux-x86_64 1.43.17 17.09 149.86 166.95 OK
r-release-macos-x86_64 1.43.17 OK
r-release-windows-ix86+x86_64 1.43.17 44.00 191.00 235.00 OK
r-oldrel-macos-x86_64 1.43.17 OK
r-oldrel-windows-ix86+x86_64 1.43.17 31.00 188.00 219.00 OK

Check Details

Version: 1.43.17
Check: Rd cross-references
Result: NOTE
    Undeclared packages ‘AICcmodavg’, ‘bbmle’, ‘glmulti’, ‘arm’, ‘wgeesel’, ‘ape’, ‘bestglm’, ‘leaps’, ‘glmmTMB’, ‘brglm’, ‘quantreg’, ‘maxlike’, ‘RMark’ in Rd xrefs
Flavor: r-devel-linux-x86_64-fedora-clang

Version: 1.43.17
Check: Rd cross-references
Result: NOTE
    Package unavailable to check Rd xrefs: 'brglm'
Flavor: r-devel-windows-ix86+x86_64