CRAN Package Check Results for Package MrSGUIDE

Last updated on 2020-12-01 04:47:41 CET.

Flavor Version Tinstall Tcheck Ttotal Status Flags
r-devel-linux-x86_64-debian-clang 0.1.2 198.55 76.98 275.53 OK
r-devel-linux-x86_64-debian-gcc 0.1.2 98.32 58.10 156.42 OK
r-devel-linux-x86_64-fedora-clang 0.1.2 317.92 NOTE
r-devel-linux-x86_64-fedora-gcc 0.1.2 295.79 OK
r-devel-windows-ix86+x86_64 0.1.2 345.00 132.00 477.00 NOTE
r-patched-linux-x86_64 0.1.2 268.09 75.98 344.07 OK
r-patched-solaris-x86 0.1.2 207.40 WARN
r-release-linux-x86_64 0.1.2 270.68 75.56 346.24 OK
r-release-macos-x86_64 0.1.2 WARN
r-release-windows-ix86+x86_64 0.1.2 343.00 106.00 449.00 NOTE
r-oldrel-macos-x86_64 0.1.2 WARN
r-oldrel-windows-ix86+x86_64 0.1.2 256.00 135.00 391.00 OK

Check Details

Version: 0.1.2
Check: installed package size
Result: NOTE
     installed size is 9.1Mb
     sub-directories of 1Mb or more:
     doc 1.9Mb
     libs 7.0Mb
Flavors: r-devel-linux-x86_64-fedora-clang, r-devel-windows-ix86+x86_64, r-release-macos-x86_64, r-release-windows-ix86+x86_64, r-oldrel-macos-x86_64

Version: 0.1.2
Check: re-building of vignette outputs
Result: WARN
    Error(s) in re-building vignettes:
     ...
    --- re-building ‘UsageOfMrSGUIDE.Rmd’ using rmarkdown
    Warning in engine$weave(file, quiet = quiet, encoding = enc) :
     Pandoc (>= 1.12.3) and/or pandoc-citeproc not available. Falling back to R Markdown v1.
    Quitting from lines 119-120 (UsageOfMrSGUIDE.Rmd)
    Error: processing vignette 'UsageOfMrSGUIDE.Rmd' failed with diagnostics:
    there is no package called 'webshot'
    --- failed re-building ‘UsageOfMrSGUIDE.Rmd’
    
    SUMMARY: processing the following file failed:
     ‘UsageOfMrSGUIDE.Rmd’
    
    Error: Vignette re-building failed.
    Execution halted
Flavor: r-patched-solaris-x86

Version: 0.1.2
Check: re-building of vignette outputs
Result: WARN
    Error(s) in re-building vignettes:
     ...
    --- re-building ‘UsageOfMrSGUIDE.Rmd’ using rmarkdown
    Warning in engine$weave(file, quiet = quiet, encoding = enc) :
     Pandoc (>= 1.12.3) and/or pandoc-citeproc not available. Falling back to R Markdown v1.
    Quitting from lines 119-120 (UsageOfMrSGUIDE.Rmd)
    Error: processing vignette 'UsageOfMrSGUIDE.Rmd' failed with diagnostics:
    cannot open the connection
    --- failed re-building ‘UsageOfMrSGUIDE.Rmd’
    
    SUMMARY: processing the following file failed:
     ‘UsageOfMrSGUIDE.Rmd’
    
    Error: Vignette re-building failed.
    Execution halted
Flavors: r-release-macos-x86_64, r-oldrel-macos-x86_64