CRAN Package Check Results for Package Morpho

Last updated on 2020-09-29 03:48:26 CEST.

Flavor Version Tinstall Tcheck Ttotal Status Flags
r-devel-linux-x86_64-debian-clang 2.8 271.50 181.82 453.32 OK
r-devel-linux-x86_64-debian-gcc 2.8 201.36 137.81 339.17 OK
r-devel-linux-x86_64-fedora-clang 2.8 611.87 NOTE
r-devel-linux-x86_64-fedora-gcc 2.8 614.09 OK
r-devel-windows-ix86+x86_64 2.8 617.00 357.00 974.00 NOTE
r-patched-linux-x86_64 2.8 248.78 166.69 415.47 OK
r-patched-solaris-x86 2.8 534.50 OK
r-release-linux-x86_64 2.8 209.75 169.46 379.21 OK
r-release-macos-x86_64 2.8 NOTE
r-release-windows-ix86+x86_64 2.8 619.00 333.00 952.00 NOTE
r-oldrel-macos-x86_64 2.8 WARN
r-oldrel-windows-ix86+x86_64 2.8 554.00 328.00 882.00 NOTE

Check Details

Version: 2.8
Check: installed package size
Result: NOTE
     installed size is 13.6Mb
     sub-directories of 1Mb or more:
     data 2.0Mb
     libs 9.9Mb
Flavors: r-devel-linux-x86_64-fedora-clang, r-devel-windows-ix86+x86_64, r-release-macos-x86_64, r-release-windows-ix86+x86_64, r-oldrel-macos-x86_64, r-oldrel-windows-ix86+x86_64

Version: 2.8
Check: whether package can be installed
Result: WARN
    Found the following significant warnings:
     Warning: 'rgl.init' failed, running with 'rgl.useNULL = TRUE'.
Flavor: r-oldrel-macos-x86_64