CRAN Package Check Results for Package Morpho

Last updated on 2022-12-02 04:00:15 CET.

Flavor Version Tinstall Tcheck Ttotal Status Flags
r-devel-linux-x86_64-debian-clang 2.10 288.39 216.75 505.14 OK
r-devel-linux-x86_64-debian-gcc 2.10 215.71 159.78 375.49 OK
r-devel-linux-x86_64-fedora-clang 2.10 742.28 OK
r-devel-linux-x86_64-fedora-gcc 2.10 630.35 OK
r-devel-windows-x86_64 2.10 258.00 315.00 573.00 NOTE
r-patched-linux-x86_64 2.10 225.54 194.35 419.89 OK
r-release-linux-x86_64 2.10 242.90 195.40 438.30 OK
r-release-macos-arm64 2.10 156.00 NOTE
r-release-macos-x86_64 2.10 189.00 NOTE
r-release-windows-x86_64 2.10 283.00 279.00 562.00 NOTE
r-oldrel-macos-arm64 2.10 130.00 NOTE
r-oldrel-macos-x86_64 2.10 183.00 NOTE
r-oldrel-windows-ix86+x86_64 2.10 648.00 366.00 1014.00 NOTE

Check Details

Version: 2.10
Check: installed package size
Result: NOTE
     installed size is 5.2Mb
     sub-directories of 1Mb or more:
     data 2.0Mb
     libs 1.5Mb
Flavors: r-devel-windows-x86_64, r-release-macos-arm64, r-release-macos-x86_64, r-release-windows-x86_64, r-oldrel-macos-arm64, r-oldrel-macos-x86_64, r-oldrel-windows-ix86+x86_64