CRAN Package Check Results for Package MomTrunc

Last updated on 2022-01-23 15:49:13 CET.

Flavor Version Tinstall Tcheck Ttotal Status Flags
r-devel-linux-x86_64-debian-clang 5.97 68.65 93.43 162.08 OK
r-devel-linux-x86_64-debian-gcc 5.97 57.28 74.11 131.39 OK
r-devel-linux-x86_64-fedora-clang 5.97 218.78 NOTE
r-devel-linux-x86_64-fedora-gcc 5.97 212.18 OK
r-devel-windows-x86_64-new-UL 5.97 131.00 121.00 252.00 OK
r-devel-windows-x86_64-new-TK 5.97 OK
r-patched-linux-x86_64 5.97 63.41 86.73 150.14 OK
r-release-linux-x86_64 5.97 61.23 87.31 148.54 OK
r-release-macos-arm64 5.97 NOTE
r-release-macos-x86_64 5.97 NOTE
r-release-windows-ix86+x86_64 5.97 149.00 135.00 284.00 OK
r-oldrel-macos-x86_64 5.97 NOTE
r-oldrel-windows-ix86+x86_64 5.97 146.00 135.00 281.00 OK

Check Details

Version: 5.97
Check: installed package size
Result: NOTE
     installed size is 6.1Mb
     sub-directories of 1Mb or more:
     libs 5.5Mb
Flavors: r-devel-linux-x86_64-fedora-clang, r-release-macos-arm64, r-release-macos-x86_64, r-oldrel-macos-x86_64