CRAN Package Check Results for Package MobileTrigger

Last updated on 2020-09-22 03:49:30 CEST.

Flavor Version Tinstall Tcheck Ttotal Status Flags
r-devel-linux-x86_64-debian-clang 0.0.31 13.44 103.23 116.67 OK
r-devel-linux-x86_64-debian-gcc 0.0.31 0.23 1.95 2.18 ERROR
r-devel-linux-x86_64-fedora-clang 0.0.31 156.13 NOTE
r-devel-linux-x86_64-fedora-gcc 0.0.31 155.82 NOTE
r-devel-windows-ix86+x86_64 0.0.31 32.00 126.00 158.00 OK
r-patched-linux-x86_64 0.0.31 13.09 100.68 113.77 OK
r-patched-solaris-x86 0.0.31 205.50 NOTE
r-release-linux-x86_64 0.0.31 12.19 99.17 111.36 OK
r-release-macos-x86_64 0.0.31 NOTE
r-release-windows-ix86+x86_64 0.0.31 32.00 129.00 161.00 OK
r-oldrel-macos-x86_64 0.0.31 NOTE
r-oldrel-windows-ix86+x86_64 0.0.31 19.00 111.00 130.00 OK

Check Details

Version: 0.0.31
Check: whether package can be installed
Result: ERROR
    Installation failed.
Flavor: r-devel-linux-x86_64-debian-gcc

Version: 0.0.31
Check: dependencies in R code
Result: NOTE
    Namespace in Imports field not imported from: ‘ggplot2’
     All declared Imports should be used.
Flavors: r-devel-linux-x86_64-fedora-clang, r-devel-linux-x86_64-fedora-gcc, r-patched-solaris-x86, r-release-macos-x86_64, r-oldrel-macos-x86_64