Last updated on 2023-01-29 03:55:19 CET.
Flavor | Version | Tinstall | Tcheck | Ttotal | Status | Flags |
---|---|---|---|---|---|---|
r-devel-linux-x86_64-debian-clang | 1.0.1 | 6.94 | 64.38 | 71.32 | OK | |
r-devel-linux-x86_64-debian-gcc | 1.0.1 | 4.96 | 48.69 | 53.65 | OK | |
r-devel-linux-x86_64-fedora-clang | 1.0.1 | 96.11 | NOTE | |||
r-devel-linux-x86_64-fedora-gcc | 1.0.1 | 104.96 | NOTE | |||
r-devel-windows-x86_64 | 1.0.1 | 26.00 | 393.00 | 419.00 | OK | |
r-patched-linux-x86_64 | 1.0.1 | 11.06 | 62.60 | 73.66 | OK | |
r-release-linux-x86_64 | 1.0.1 | 4.91 | 65.01 | 69.92 | OK | |
r-release-macos-arm64 | 1.0.1 | 113.00 | NOTE | |||
r-release-macos-x86_64 | 1.0.1 | 226.00 | NOTE | |||
r-release-windows-x86_64 | 1.0.1 | 24.00 | 413.00 | 437.00 | OK | |
r-oldrel-macos-arm64 | 1.0.1 | 165.00 | NOTE | |||
r-oldrel-macos-x86_64 | 1.0.1 | 199.00 | NOTE | |||
r-oldrel-windows-ix86+x86_64 | 1.0.1 | 16.00 | 432.00 | 448.00 | OK |
Version: 1.0.1
Check: data for non-ASCII characters
Result: NOTE
Note: found 16 marked UTF-8 strings
Flavors: r-devel-linux-x86_64-fedora-clang, r-devel-linux-x86_64-fedora-gcc, r-release-macos-arm64, r-release-macos-x86_64, r-oldrel-macos-arm64, r-oldrel-macos-x86_64