CRAN Package Check Results for Package MixfMRI

Last updated on 2020-09-20 03:47:30 CEST.

Flavor Version Tinstall Tcheck Ttotal Status Flags
r-devel-linux-x86_64-debian-clang 0.1-0 13.00 99.22 112.22 OK
r-devel-linux-x86_64-debian-gcc 0.1-0 11.25 74.47 85.72 OK
r-devel-linux-x86_64-fedora-clang 0.1-0 148.29 OK
r-devel-linux-x86_64-fedora-gcc 0.1-0 149.12 OK
r-devel-windows-ix86+x86_64 0.1-0 28.00 167.00 195.00 OK
r-patched-linux-x86_64 0.1-0 13.69 97.53 111.22 OK
r-patched-solaris-x86 0.1-0 189.20 OK
r-release-linux-x86_64 0.1-0 14.00 97.30 111.30 OK
r-release-macos-x86_64 0.1-0 NOTE
r-release-windows-ix86+x86_64 0.1-0 27.00 137.00 164.00 OK
r-oldrel-macos-x86_64 0.1-0 NOTE
r-oldrel-windows-ix86+x86_64 0.1-0 20.00 167.00 187.00 OK

Check Details

Version: 0.1-0
Check: package dependencies
Result: NOTE
    Package which this enhances but not available for checking: ‘pbdMPI’
Flavors: r-release-macos-x86_64, r-oldrel-macos-x86_64