CRAN Package Check Results for Package MixOptim

Last updated on 2024-07-18 15:49:05 CEST.

Flavor Version Tinstall Tcheck Ttotal Status Flags
r-devel-linux-x86_64-debian-clang 0.1.2 5.91 239.96 245.87 NOTE
r-devel-linux-x86_64-debian-gcc 0.1.2 4.23 168.60 172.83 NOTE
r-devel-linux-x86_64-fedora-clang 0.1.2 294.36 NOTE
r-devel-linux-x86_64-fedora-gcc 0.1.2 303.84 NOTE
r-devel-windows-x86_64 0.1.2 7.00 178.00 185.00 NOTE
r-patched-linux-x86_64 0.1.2 4.56 198.45 203.01 NOTE
r-release-linux-x86_64 0.1.2 3.30 223.54 226.84 NOTE
r-release-macos-arm64 0.1.2 73.00 NOTE
r-release-macos-x86_64 0.1.2 128.00 NOTE
r-release-windows-x86_64 0.1.2 6.00 176.00 182.00 NOTE
r-oldrel-macos-arm64 0.1.2 79.00 NOTE
r-oldrel-macos-x86_64 0.1.2 126.00 NOTE
r-oldrel-windows-x86_64 0.1.2 8.00 231.00 239.00 NOTE

Check Details

Version: 0.1.2
Check: LazyData
Result: NOTE 'LazyData' is specified without a 'data' directory Flavors: r-devel-linux-x86_64-debian-clang, r-devel-linux-x86_64-debian-gcc, r-devel-linux-x86_64-fedora-clang, r-devel-linux-x86_64-fedora-gcc, r-devel-windows-x86_64, r-patched-linux-x86_64, r-release-linux-x86_64, r-release-macos-arm64, r-release-macos-x86_64, r-release-windows-x86_64, r-oldrel-macos-arm64, r-oldrel-macos-x86_64, r-oldrel-windows-x86_64

Version: 0.1.2
Check: dependencies in R code
Result: NOTE Namespace in Imports field not imported from: ‘rlang’ All declared Imports should be used. Flavors: r-devel-linux-x86_64-fedora-clang, r-devel-linux-x86_64-fedora-gcc