CRAN Package Check Results for Package MixMatrix

Last updated on 2021-04-11 15:46:55 CEST.

Flavor Version Tinstall Tcheck Ttotal Status Flags
r-devel-linux-x86_64-debian-clang 0.2.4 67.32 68.99 136.31 NOTE
r-devel-linux-x86_64-debian-gcc 0.2.4 40.73 51.18 91.91 NOTE
r-devel-linux-x86_64-fedora-clang 0.2.4 185.99 NOTE
r-devel-linux-x86_64-fedora-gcc 0.2.4 173.62 NOTE
r-devel-windows-ix86+x86_64 0.2.4 107.00 114.00 221.00 NOTE
r-devel-windows-x86_64-gcc10-UCRT 0.2.4 NOTE
r-patched-linux-x86_64 0.2.4 49.23 67.61 116.84 OK
r-patched-solaris-x86 0.2.4 180.90 OK
r-release-linux-x86_64 0.2.4 50.02 67.99 118.01 OK
r-release-macos-x86_64 0.2.4 OK
r-release-windows-ix86+x86_64 0.2.4 115.00 133.00 248.00 OK
r-oldrel-macos-x86_64 0.2.4 OK
r-oldrel-windows-ix86+x86_64 0.2.4 132.00 129.00 261.00 OK

Check Details

Version: 0.2.4
Check: LazyData
Result: NOTE
     'LazyData' is specified without a 'data' directory
Flavors: r-devel-linux-x86_64-debian-clang, r-devel-linux-x86_64-debian-gcc, r-devel-linux-x86_64-fedora-clang, r-devel-linux-x86_64-fedora-gcc, r-devel-windows-ix86+x86_64, r-devel-windows-x86_64-gcc10-UCRT