CRAN Package Check Results for Package Microsoft365R

Last updated on 2024-06-13 15:48:29 CEST.

Flavor Version Tinstall Tcheck Ttotal Status Flags
r-devel-linux-x86_64-debian-clang 2.4.0 16.20 57.64 73.84 OK
r-devel-linux-x86_64-debian-gcc 2.4.0 0.45 1.78 2.23 ERROR
r-devel-linux-x86_64-fedora-clang 2.4.0 100.14 NOTE
r-devel-linux-x86_64-fedora-gcc 2.4.0 106.71 NOTE
r-devel-windows-x86_64 2.4.0 15.00 86.00 101.00 OK
r-patched-linux-x86_64 2.4.0 24.91 55.35 80.26 OK
r-release-linux-x86_64 2.4.0 18.62 54.20 72.82 OK
r-release-macos-arm64 2.4.0 42.00 OK
r-release-macos-x86_64 2.4.0 60.00 OK
r-release-windows-x86_64 2.4.0 18.00 86.00 104.00 OK
r-oldrel-macos-arm64 2.4.0 42.00 OK
r-oldrel-macos-x86_64 2.4.0 67.00 OK
r-oldrel-windows-x86_64 2.4.0 20.00 79.00 99.00 OK

Check Details

Version: 2.4.0
Check: package dependencies
Result: ERROR Package required but not available: ‘vctrs’ Packages suggested but not available for checking: 'testthat', 'blastula', 'emayili', 'readr' See section ‘The DESCRIPTION file’ in the ‘Writing R Extensions’ manual. Flavor: r-devel-linux-x86_64-debian-gcc

Version: 2.4.0
Check: dependencies in R code
Result: NOTE Namespaces in Imports field not imported from: ‘R6’ ‘curl’ ‘jsonlite’ ‘parallel’ ‘tools’ ‘vctrs’ All declared Imports should be used. Flavors: r-devel-linux-x86_64-fedora-clang, r-devel-linux-x86_64-fedora-gcc