Last updated on 2023-10-01 05:05:47 CEST.
Flavor | Version | Tinstall | Tcheck | Ttotal | Status | Flags |
---|---|---|---|---|---|---|
r-devel-linux-x86_64-debian-clang | 1.1 | 38.45 | 323.81 | 362.26 | OK | |
r-devel-linux-x86_64-debian-gcc | 1.1 | 29.66 | 232.56 | 262.22 | OK | |
r-devel-linux-x86_64-fedora-clang | 1.1 | 441.71 | NOTE | |||
r-devel-linux-x86_64-fedora-gcc | 1.1 | 458.85 | NOTE | |||
r-devel-windows-x86_64 | 1.1 | 30.00 | 223.00 | 253.00 | OK | |
r-patched-linux-x86_64 | 1.1 | 28.36 | 302.16 | 330.52 | OK | |
r-release-linux-x86_64 | 1.1 | 35.84 | 298.97 | 334.81 | OK | |
r-release-macos-arm64 | 1.1 | 5.00 | ERROR | |||
r-release-macos-x86_64 | 1.1 | 7.00 | ERROR | |||
r-release-windows-x86_64 | 1.1 | 40.00 | 278.00 | 318.00 | OK | |
r-oldrel-macos-arm64 | 1.1 | 103.00 | NOTE | |||
r-oldrel-macos-x86_64 | 1.1 | 173.00 | NOTE | |||
r-oldrel-windows-x86_64 | 1.1 | 41.00 | 286.00 | 327.00 | OK |
Version: 1.1
Check: dependencies in R code
Result: NOTE
Namespaces in Imports field not imported from:
‘MASS’ ‘Matrix’ ‘utils’
All declared Imports should be used.
Flavors: r-devel-linux-x86_64-fedora-clang, r-devel-linux-x86_64-fedora-gcc, r-oldrel-macos-arm64, r-oldrel-macos-x86_64
Version: 1.1
Check: package dependencies
Result: ERROR
Package required but not available: ‘phyloseq’
See section ‘The DESCRIPTION file’ in the ‘Writing R Extensions’
manual.
Flavors: r-release-macos-arm64, r-release-macos-x86_64