CRAN Package Check Results for Package MicrobiomeStat

Last updated on 2022-09-24 15:55:24 CEST.

Flavor Version Tinstall Tcheck Ttotal Status Flags
r-devel-linux-x86_64-debian-clang 1.1 35.68 309.34 345.02 OK
r-devel-linux-x86_64-debian-gcc 1.1 28.91 231.36 260.27 OK
r-devel-linux-x86_64-fedora-clang 1.1 429.91 NOTE
r-devel-linux-x86_64-fedora-gcc 1.1 423.13 NOTE
r-devel-windows-x86_64 1.1 42.00 310.00 352.00 OK
r-patched-linux-x86_64 1.1 32.00 294.22 326.22 OK
r-release-linux-x86_64 1.1 35.59 294.52 330.11 OK
r-release-macos-arm64 1.1 103.00 NOTE
r-release-macos-x86_64 1.1 173.00 NOTE
r-release-windows-x86_64 1.1 38.00 306.00 344.00 OK
r-oldrel-macos-arm64 1.1 98.00 NOTE
r-oldrel-macos-x86_64 1.1 140.00 NOTE
r-oldrel-windows-ix86+x86_64 1.1 73.00 306.00 379.00 OK

Check Details

Version: 1.1
Check: dependencies in R code
Result: NOTE
    Namespaces in Imports field not imported from:
     ‘MASS’ ‘Matrix’ ‘utils’
     All declared Imports should be used.
Flavors: r-devel-linux-x86_64-fedora-clang, r-devel-linux-x86_64-fedora-gcc, r-release-macos-arm64, r-release-macos-x86_64, r-oldrel-macos-arm64, r-oldrel-macos-x86_64