CRAN Package Check Results for Package MetaheuristicFPA

Last updated on 2020-10-26 03:48:27 CET.

Flavor Version Tinstall Tcheck Ttotal Status Flags
r-devel-linux-x86_64-debian-clang 1.0 33.54 23.54 57.08 OK
r-devel-linux-x86_64-debian-gcc 1.0 24.51 18.61 43.12 OK
r-devel-linux-x86_64-fedora-clang 1.0 84.91 NOTE
r-devel-linux-x86_64-fedora-gcc 1.0 76.85 NOTE
r-devel-windows-ix86+x86_64 1.0 74.00 71.00 145.00 OK
r-patched-linux-x86_64 1.0 28.73 22.57 51.30 OK
r-patched-solaris-x86 1.0 82.00 OK
r-release-linux-x86_64 1.0 31.61 22.89 54.50 OK
r-release-macos-x86_64 1.0 OK
r-release-windows-ix86+x86_64 1.0 56.00 49.00 105.00 OK
r-oldrel-macos-x86_64 1.0 OK
r-oldrel-windows-ix86+x86_64 1.0 67.00 46.00 113.00 OK

Check Details

Version: 1.0
Check: compiled code
Result: NOTE
    File ‘MetaheuristicFPA/libs/MetaheuristicFPA.so’:
     Found no calls to: ‘R_registerRoutines’, ‘R_useDynamicSymbols’
    
    It is good practice to register native routines and to disable symbol
    search.
    
    See ‘Writing portable packages’ in the ‘Writing R Extensions’ manual.
Flavors: r-devel-linux-x86_64-fedora-clang, r-devel-linux-x86_64-fedora-gcc