CRAN Package Check Results for Package MetaStan

Last updated on 2022-09-25 03:54:35 CEST.

Flavor Version Tinstall Tcheck Ttotal Status Flags
r-devel-linux-x86_64-debian-clang 1.0.0 400.12 186.10 586.22 NOTE
r-devel-linux-x86_64-debian-gcc 1.0.0 374.56 153.00 527.56 NOTE
r-devel-linux-x86_64-fedora-clang 1.0.0 718.64 NOTE
r-devel-linux-x86_64-fedora-gcc 1.0.0 827.16 NOTE
r-devel-windows-x86_64 1.0.0 241.00 264.00 505.00 NOTE
r-patched-linux-x86_64 1.0.0 339.65 192.56 532.21 NOTE
r-release-linux-x86_64 1.0.0 340.69 198.30 538.99 NOTE
r-release-macos-arm64 1.0.0 211.00 NOTE
r-release-macos-x86_64 1.0.0 346.00 NOTE
r-release-windows-x86_64 1.0.0 278.00 256.00 534.00 NOTE
r-oldrel-macos-arm64 1.0.0 177.00 NOTE
r-oldrel-macos-x86_64 1.0.0 272.00 NOTE
r-oldrel-windows-ix86+x86_64 1.0.0 429.00 242.00 671.00 NOTE

Check Details

Version: 1.0.0
Check: for GNU extensions in Makefiles
Result: NOTE
    GNU make is a SystemRequirements.
Flavors: r-devel-linux-x86_64-debian-clang, r-devel-linux-x86_64-debian-gcc, r-devel-linux-x86_64-fedora-clang, r-devel-linux-x86_64-fedora-gcc, r-devel-windows-x86_64, r-patched-linux-x86_64, r-release-linux-x86_64, r-release-macos-arm64, r-release-macos-x86_64, r-release-windows-x86_64, r-oldrel-macos-arm64, r-oldrel-macos-x86_64, r-oldrel-windows-ix86+x86_64

Version: 1.0.0
Check: installed package size
Result: NOTE
     installed size is 5.1Mb
     sub-directories of 1Mb or more:
     libs 4.6Mb
Flavors: r-devel-linux-x86_64-fedora-clang, r-release-macos-arm64, r-release-macos-x86_64, r-oldrel-macos-arm64, r-oldrel-macos-x86_64