CRAN Package Check Results for Package MetaLonDA

Last updated on 2020-09-20 03:47:30 CEST.

Flavor Version Tinstall Tcheck Ttotal Status Flags
r-devel-linux-x86_64-debian-clang 1.1.8 5.70 173.11 178.81 OK
r-devel-linux-x86_64-debian-gcc 1.1.8 4.75 131.62 136.37 OK
r-devel-linux-x86_64-fedora-clang 1.1.8 220.19 OK
r-devel-linux-x86_64-fedora-gcc 1.1.8 229.01 OK
r-devel-windows-ix86+x86_64 1.1.8 16.00 278.00 294.00 OK
r-patched-linux-x86_64 1.1.8 6.03 168.06 174.09 OK
r-patched-solaris-x86 1.1.8 380.40 OK
r-release-linux-x86_64 1.1.8 6.15 170.69 176.84 OK
r-release-macos-x86_64 1.1.8 ERROR
r-release-windows-ix86+x86_64 1.1.8 16.00 275.00 291.00 OK
r-oldrel-macos-x86_64 1.1.8 OK
r-oldrel-windows-ix86+x86_64 1.1.8 10.00 257.00 267.00 OK

Check Details

Version: 1.1.8
Check: package dependencies
Result: ERROR
    Package required but not available: ‘metagenomeSeq’
    
    See section ‘The DESCRIPTION file’ in the ‘Writing R Extensions’
    manual.
Flavor: r-release-macos-x86_64