Last updated on 2023-01-31 15:55:55 CET.
Flavor | Version | Tinstall | Tcheck | Ttotal | Status | Flags |
---|---|---|---|---|---|---|
r-devel-linux-x86_64-debian-clang | 2.0.0 | 38.55 | 404.32 | 442.87 | OK | |
r-devel-linux-x86_64-debian-gcc | 2.0.0 | 33.33 | 295.92 | 329.25 | OK | |
r-devel-linux-x86_64-fedora-clang | 2.0.0 | 539.99 | NOTE | |||
r-devel-linux-x86_64-fedora-gcc | 2.0.0 | 577.69 | OK | |||
r-devel-windows-x86_64 | 2.0.0 | 76.00 | 462.00 | 538.00 | NOTE | |
r-patched-linux-x86_64 | 2.0.0 | 36.95 | 386.74 | 423.69 | OK | |
r-release-linux-x86_64 | 2.0.0 | 42.45 | 381.07 | 423.52 | OK | |
r-release-macos-arm64 | 2.0.0 | 133.00 | NOTE | |||
r-release-macos-x86_64 | 2.0.0 | 196.00 | NOTE | |||
r-release-windows-x86_64 | 2.0.0 | 78.00 | 447.00 | 525.00 | NOTE | |
r-oldrel-macos-arm64 | 2.0.0 | 123.00 | NOTE | |||
r-oldrel-macos-x86_64 | 2.0.0 | 189.00 | NOTE | |||
r-oldrel-windows-ix86+x86_64 | 2.0.0 | 78.00 | 440.00 | 518.00 | NOTE |
Version: 2.0.0
Check: installed package size
Result: NOTE
installed size is 14.4Mb
sub-directories of 1Mb or more:
data 3.0Mb
examples 10.3Mb
Flavors: r-devel-linux-x86_64-fedora-clang, r-devel-windows-x86_64, r-release-macos-arm64, r-release-macos-x86_64, r-release-windows-x86_64, r-oldrel-macos-arm64, r-oldrel-macos-x86_64, r-oldrel-windows-ix86+x86_64