CRAN Package Check Results for Package MetSizeR

Last updated on 2022-07-03 03:50:00 CEST.

Flavor Version Tinstall Tcheck Ttotal Status Flags
r-devel-linux-x86_64-debian-clang 2.0.0 5.88 59.63 65.51 OK
r-devel-linux-x86_64-debian-gcc 2.0.0 5.05 43.70 48.75 OK
r-devel-linux-x86_64-fedora-clang 2.0.0 87.03 WARN
r-devel-linux-x86_64-fedora-gcc 2.0.0 85.38 WARN
r-devel-windows-x86_64 2.0.0 13.00 81.00 94.00 OK
r-patched-linux-x86_64 2.0.0 6.24 55.90 62.14 OK
r-release-linux-x86_64 2.0.0 5.75 54.97 60.72 OK
r-release-macos-arm64 2.0.0 27.00 OK
r-release-macos-x86_64 2.0.0 44.00 OK
r-release-windows-x86_64 2.0.0 16.00 84.00 100.00 OK
r-oldrel-macos-arm64 2.0.0 31.00 OK
r-oldrel-macos-x86_64 2.0.0 36.00 OK
r-oldrel-windows-ix86+x86_64 2.0.0 16.00 77.00 93.00 OK

Check Details

Version: 2.0.0
Check: package dependencies
Result: WARN
    Requires (indirectly) orphaned package: ‘gtools’
Flavors: r-devel-linux-x86_64-fedora-clang, r-devel-linux-x86_64-fedora-gcc