CRAN Package Check Results for Package Mega2R

Last updated on 2020-12-01 04:47:40 CET.

Flavor Version Tinstall Tcheck Ttotal Status Flags
r-devel-linux-x86_64-debian-clang 1.0.8 73.87 419.51 493.38 OK
r-devel-linux-x86_64-debian-gcc 1.0.8 44.76 327.55 372.31 OK
r-devel-linux-x86_64-fedora-clang 1.0.8 578.63 OK
r-devel-linux-x86_64-fedora-gcc 1.0.8 617.41 OK
r-devel-windows-ix86+x86_64 1.0.8 114.00 657.00 771.00 OK
r-patched-linux-x86_64 1.0.8 75.08 404.97 480.05 OK
r-release-linux-x86_64 1.0.8 80.11 404.09 484.20 OK
r-release-macos-x86_64 1.0.8 OK
r-release-windows-ix86+x86_64 1.0.8 84.00 493.00 577.00 OK
r-oldrel-macos-x86_64 1.0.8 ERROR
r-oldrel-windows-ix86+x86_64 1.0.8 87.00 618.00 705.00 OK

Check Details

Version: 1.0.8
Check: package dependencies
Result: NOTE
    Packages suggested but not available for checking:
     'TxDb.Hsapiens.UCSC.hg19.knownGene', 'org.Hs.eg.db'
Flavor: r-oldrel-macos-x86_64

Version: 1.0.8
Check: whether package can be installed
Result: ERROR
    Installation failed.
Flavor: r-oldrel-macos-x86_64