Last updated on 2023-05-30 16:00:37 CEST.
Flavor | Version | Tinstall | Tcheck | Ttotal | Status | Flags |
---|---|---|---|---|---|---|
r-devel-linux-x86_64-debian-clang | 4.5.3 | 99.06 | 216.30 | 315.36 | NOTE | |
r-devel-linux-x86_64-debian-gcc | 4.5.3 | 77.10 | 159.98 | 237.08 | NOTE | |
r-devel-linux-x86_64-fedora-clang | 4.5.3 | 421.30 | NOTE | |||
r-devel-linux-x86_64-fedora-gcc | 4.5.3 | 415.43 | NOTE | |||
r-devel-windows-x86_64 | 4.5.3 | 73.00 | 202.00 | 275.00 | NOTE | |
r-patched-linux-x86_64 | 4.5.3 | 81.32 | 204.27 | 285.59 | NOTE | |
r-release-linux-x86_64 | 4.5.3 | 86.94 | 204.18 | 291.12 | NOTE | |
r-release-macos-arm64 | 4.5.3 | 118.00 | NOTE | |||
r-release-macos-x86_64 | 4.5.3 | 203.00 | NOTE | |||
r-release-windows-x86_64 | 4.5.3 | 98.00 | 248.00 | 346.00 | NOTE | |
r-oldrel-macos-arm64 | 4.5.3 | 110.00 | NOTE | |||
r-oldrel-macos-x86_64 | 4.5.3 | 130.00 | NOTE | |||
r-oldrel-windows-x86_64 | 4.5.3 | 91.00 | 235.00 | 326.00 | NOTE |
Version: 4.5.3
Check: package dependencies
Result: NOTE
Package suggested but not available for checking: ‘gurobi’
Flavors: r-devel-linux-x86_64-debian-clang, r-devel-linux-x86_64-debian-gcc, r-devel-linux-x86_64-fedora-clang, r-devel-linux-x86_64-fedora-gcc, r-devel-windows-x86_64, r-patched-linux-x86_64, r-release-linux-x86_64, r-release-macos-arm64, r-release-macos-x86_64, r-release-windows-x86_64, r-oldrel-macos-arm64, r-oldrel-macos-x86_64, r-oldrel-windows-x86_64
Version: 4.5.3
Check: installed package size
Result: NOTE
installed size is 5.7Mb
sub-directories of 1Mb or more:
doc 1.4Mb
libs 3.2Mb
Flavors: r-release-macos-arm64, r-release-macos-x86_64, r-oldrel-macos-arm64, r-oldrel-macos-x86_64