CRAN Package Check Results for Package MatchIt

Last updated on 2022-06-29 03:52:44 CEST.

Flavor Version Tinstall Tcheck Ttotal Status Flags
r-devel-linux-x86_64-debian-clang 4.4.0 86.21 242.58 328.79 NOTE
r-devel-linux-x86_64-debian-gcc 4.4.0 66.34 181.76 248.10 NOTE
r-devel-linux-x86_64-fedora-clang 4.4.0 412.94 NOTE
r-devel-linux-x86_64-fedora-gcc 4.4.0 398.57 NOTE
r-devel-windows-x86_64 4.4.0 96.00 285.00 381.00 NOTE
r-patched-linux-x86_64 4.4.0 75.75 225.00 300.75 NOTE
r-release-linux-x86_64 4.4.0 77.52 224.65 302.17 NOTE
r-release-macos-arm64 4.4.0 150.00 NOTE
r-release-macos-x86_64 4.4.0 155.00 NOTE
r-release-windows-x86_64 4.4.0 82.00 290.00 372.00 NOTE
r-oldrel-macos-arm64 4.4.0 146.00 NOTE
r-oldrel-macos-x86_64 4.4.0 166.00 NOTE
r-oldrel-windows-ix86+x86_64 4.4.0 181.00 345.00 526.00 NOTE

Check Details

Version: 4.4.0
Check: package dependencies
Result: NOTE
    Package suggested but not available for checking: 'gurobi'
Flavors: r-devel-linux-x86_64-debian-clang, r-devel-linux-x86_64-debian-gcc, r-devel-linux-x86_64-fedora-clang, r-devel-linux-x86_64-fedora-gcc, r-devel-windows-x86_64, r-patched-linux-x86_64, r-release-linux-x86_64, r-release-macos-x86_64, r-release-windows-x86_64, r-oldrel-macos-arm64, r-oldrel-macos-x86_64, r-oldrel-windows-ix86+x86_64

Version: 4.4.0
Check: package dependencies
Result: NOTE
    Packages suggested but not available for checking: 'dbarts', 'gurobi'
Flavor: r-release-macos-arm64

Version: 4.4.0
Check: installed package size
Result: NOTE
     installed size is 5.2Mb
     sub-directories of 1Mb or more:
     doc 1.5Mb
     libs 2.6Mb
Flavors: r-release-macos-arm64, r-release-macos-x86_64, r-oldrel-macos-arm64, r-oldrel-macos-x86_64

Version: 4.4.0
Check: Rd cross-references
Result: NOTE
    Package unavailable to check Rd xrefs: ‘dbarts’
Flavor: r-release-macos-arm64