CRAN Package Check Results for Package MarginalMediation

Last updated on 2020-08-13 15:51:11 CEST.

Flavor Version Tinstall Tcheck Ttotal Status Flags
r-devel-linux-x86_64-debian-clang 0.7.0 5.03 92.86 97.89 OK
r-devel-linux-x86_64-debian-gcc 0.7.0 4.21 68.74 72.95 OK
r-devel-linux-x86_64-fedora-clang 0.7.0 121.70 NOTE
r-devel-linux-x86_64-fedora-gcc 0.7.0 113.09 NOTE
r-devel-windows-ix86+x86_64 0.7.0 21.00 136.00 157.00 OK
r-patched-linux-x86_64 0.7.0 5.04 89.92 94.96 OK
r-patched-solaris-x86 0.7.0 162.80 NOTE
r-release-linux-x86_64 0.7.0 4.82 89.69 94.51 OK
r-release-macos-x86_64 0.7.0 NOTE
r-release-windows-ix86+x86_64 0.7.0 16.00 143.00 159.00 OK
r-oldrel-macos-x86_64 0.7.0 NOTE
r-oldrel-windows-ix86+x86_64 0.7.0 8.00 93.00 101.00 OK

Check Details

Version: 0.7.0
Check: dependencies in R code
Result: NOTE
    Namespace in Imports field not imported from: ‘betareg’
     All declared Imports should be used.
Flavors: r-devel-linux-x86_64-fedora-clang, r-devel-linux-x86_64-fedora-gcc, r-patched-solaris-x86, r-release-macos-x86_64, r-oldrel-macos-x86_64