Last updated on 2022-05-16 03:53:35 CEST.
Flavor | Version | Tinstall | Tcheck | Ttotal | Status | Flags |
---|---|---|---|---|---|---|
r-devel-linux-x86_64-debian-clang | 0.1.0 | 141.06 | 212.63 | 353.69 | NOTE | |
r-devel-linux-x86_64-debian-gcc | 0.1.0 | 129.26 | 164.87 | 294.13 | NOTE | |
r-devel-linux-x86_64-fedora-clang | 0.1.0 | 473.76 | NOTE | |||
r-devel-linux-x86_64-fedora-gcc | 0.1.0 | 486.63 | NOTE | |||
r-devel-windows-x86_64 | 0.1.0 | 102.00 | 245.00 | 347.00 | NOTE | |
r-patched-linux-x86_64 | 0.1.0 | 135.82 | 204.54 | 340.36 | NOTE | |
r-release-linux-x86_64 | 0.1.0 | 131.91 | 209.29 | 341.20 | NOTE | |
r-release-macos-arm64 | 0.1.0 | 113.00 | NOTE | |||
r-release-macos-x86_64 | 0.1.0 | 212.00 | NOTE | |||
r-release-windows-x86_64 | 0.1.0 | 104.00 | 242.00 | 346.00 | NOTE | |
r-oldrel-macos-arm64 | 0.1.0 | 94.00 | NOTE | |||
r-oldrel-macos-x86_64 | 0.1.0 | 146.00 | NOTE | |||
r-oldrel-windows-ix86+x86_64 | 0.1.0 | 321.00 | 307.00 | 628.00 | NOTE |
Version: 0.1.0
Check: for GNU extensions in Makefiles
Result: NOTE
GNU make is a SystemRequirements.
Flavors: r-devel-linux-x86_64-debian-clang, r-devel-linux-x86_64-debian-gcc, r-devel-linux-x86_64-fedora-clang, r-devel-linux-x86_64-fedora-gcc, r-devel-windows-x86_64, r-patched-linux-x86_64, r-release-linux-x86_64, r-release-macos-arm64, r-release-macos-x86_64, r-release-windows-x86_64, r-oldrel-macos-arm64, r-oldrel-macos-x86_64, r-oldrel-windows-ix86+x86_64
Version: 0.1.0
Check: package dependencies
Result: NOTE
Imports includes 27 non-default packages.
Importing from so many packages makes the package vulnerable to any of
them becoming unavailable. Move as many as possible to Suggests and
use conditionally.
Flavor: r-devel-linux-x86_64-fedora-clang
Version: 0.1.0
Check: installed package size
Result: NOTE
installed size is 20.9Mb
sub-directories of 1Mb or more:
libs 20.6Mb
Flavors: r-devel-linux-x86_64-fedora-clang, r-release-macos-arm64, r-release-macos-x86_64, r-oldrel-macos-arm64, r-oldrel-macos-x86_64
Version: 0.1.0
Check: dependencies in R code
Result: NOTE
Namespace in Imports field not imported from: ‘RcppParallel’
All declared Imports should be used.
Flavors: r-devel-linux-x86_64-fedora-clang, r-devel-linux-x86_64-fedora-gcc, r-release-macos-arm64, r-release-macos-x86_64, r-oldrel-macos-arm64, r-oldrel-macos-x86_64