CRAN Package Check Results for Package Maeswrap

Last updated on 2020-11-25 15:52:00 CET.

Flavor Version Tinstall Tcheck Ttotal Status Flags
r-devel-linux-x86_64-debian-clang 1.7 5.69 46.71 52.40 OK
r-devel-linux-x86_64-debian-gcc 1.7 5.57 37.04 42.61 OK
r-devel-linux-x86_64-fedora-clang 1.7 72.17 OK
r-devel-linux-x86_64-fedora-gcc 1.7 63.21 OK
r-devel-windows-ix86+x86_64 1.7 13.00 57.00 70.00 OK
r-patched-linux-x86_64 1.7 7.69 46.04 53.73 OK
r-patched-solaris-x86 1.7 92.70 OK
r-release-linux-x86_64 1.7 6.80 45.36 52.16 OK
r-release-macos-x86_64 1.7 OK
r-release-windows-ix86+x86_64 1.7 13.00 53.00 66.00 OK
r-oldrel-macos-x86_64 1.7 WARN
r-oldrel-windows-ix86+x86_64 1.7 8.00 50.00 58.00 OK

Check Details

Version: 1.7
Check: whether package can be installed
Result: WARN
    Found the following significant warnings:
     Warning: 'rgl_init' failed, running with rgl.useNULL = TRUE
Flavor: r-oldrel-macos-x86_64