CRAN Package Check Results for Package MVT

Last updated on 2024-07-20 03:49:08 CEST.

Flavor Version Tinstall Tcheck Ttotal Status Flags
r-devel-linux-x86_64-debian-clang 0.3-8 7.42 38.59 46.01 OK
r-devel-linux-x86_64-debian-gcc 0.3-8 4.96 26.92 31.88 OK
r-devel-linux-x86_64-fedora-clang 0.3-8 56.69 OK
r-devel-linux-x86_64-fedora-gcc 0.3-8 54.65 OK
r-devel-windows-x86_64 0.3-8 12.00 59.00 71.00 NOTE
r-patched-linux-x86_64 0.3-8 6.50 33.93 40.43 OK
r-release-linux-x86_64 0.3-8 6.73 33.49 40.22 OK
r-release-macos-arm64 0.3-8 20.00 OK
r-release-macos-x86_64 0.3-8 28.00 OK
r-release-windows-x86_64 0.3-8 12.00 57.00 69.00 OK
r-oldrel-macos-arm64 0.3-8 23.00 OK
r-oldrel-macos-x86_64 0.3-8 31.00 OK
r-oldrel-windows-x86_64 0.3-8 12.00 61.00 73.00 OK

Check Details

Version: 0.3-8
Check: Rd cross-references
Result: NOTE Found the following Rd file(s) with Rd \link{} targets missing package anchors: envelope.Rd: wilson.hilferty studentFit.Rd: cov.rob, cov.trob wilson.hilferty.Rd: envelope Please provide package anchors for all Rd \link{} targets not in the package itself and the base packages. Flavor: r-devel-windows-x86_64