Last updated on 2023-02-08 04:07:09 CET.
Flavor | Version | Tinstall | Tcheck | Ttotal | Status | Flags |
---|---|---|---|---|---|---|
r-devel-linux-x86_64-debian-clang | 2.1.0 | 12.21 | 100.98 | 113.19 | NOTE | |
r-devel-linux-x86_64-debian-gcc | 2.1.0 | 8.80 | 75.77 | 84.57 | NOTE | |
r-devel-linux-x86_64-fedora-clang | 2.1.0 | 136.22 | NOTE | |||
r-devel-linux-x86_64-fedora-gcc | 2.1.0 | 131.07 | NOTE | |||
r-devel-windows-x86_64 | 2.1.0 | 23.00 | 120.00 | 143.00 | NOTE | |
r-patched-linux-x86_64 | 2.1.0 | 13.18 | 96.80 | 109.98 | NOTE | |
r-release-linux-x86_64 | 2.1.0 | 11.82 | 93.39 | 105.21 | NOTE | |
r-release-macos-arm64 | 2.1.0 | 41.00 | NOTE | |||
r-release-macos-x86_64 | 2.1.0 | 73.00 | NOTE | |||
r-release-windows-x86_64 | 2.1.0 | 20.00 | 135.00 | 155.00 | NOTE | |
r-oldrel-macos-arm64 | 2.1.0 | 48.00 | NOTE | |||
r-oldrel-macos-x86_64 | 2.1.0 | 82.00 | NOTE | |||
r-oldrel-windows-ix86+x86_64 | 2.1.0 | 29.00 | 124.00 | 153.00 | NOTE |
Version: 2.1.0
Check: LazyData
Result: NOTE
'LazyData' is specified without a 'data' directory
Flavors: r-devel-linux-x86_64-debian-clang, r-devel-linux-x86_64-debian-gcc, r-devel-linux-x86_64-fedora-clang, r-devel-linux-x86_64-fedora-gcc, r-devel-windows-x86_64, r-patched-linux-x86_64, r-release-linux-x86_64, r-release-macos-arm64, r-release-macos-x86_64, r-release-windows-x86_64, r-oldrel-macos-arm64, r-oldrel-macos-x86_64, r-oldrel-windows-ix86+x86_64