CRAN Package Check Results for Package MSEtool

Last updated on 2021-09-21 15:51:06 CEST.

Flavor Version Tinstall Tcheck Ttotal Status Flags
r-devel-linux-x86_64-debian-clang 3.2.0 149.15 237.21 386.36 OK
r-devel-linux-x86_64-debian-gcc 3.2.0 102.18 168.24 270.42 OK
r-devel-linux-x86_64-fedora-clang 3.2.0 489.45 NOTE
r-devel-linux-x86_64-fedora-gcc 3.2.0 452.06 OK
r-devel-windows-x86_64 3.2.0 127.00 181.00 308.00 NOTE
r-devel-windows-x86_64-gcc10-UCRT 3.2.0 ERROR
r-patched-linux-x86_64 3.2.0 126.33 222.83 349.16 OK
r-patched-solaris-x86 3.2.0 462.90 NOTE
r-release-linux-x86_64 3.2.0 119.72 221.98 341.70 OK
r-release-macos-arm64 3.2.0 NOTE
r-release-macos-x86_64 3.2.0 NOTE
r-release-windows-ix86+x86_64 3.2.0 294.00 279.00 573.00 NOTE
r-oldrel-macos-x86_64 3.2.0 NOTE
r-oldrel-windows-ix86+x86_64 3.2.0 303.00 292.00 595.00 NOTE

Check Details

Version: 3.2.0
Check: installed package size
Result: NOTE
     installed size is 9.9Mb
     sub-directories of 1Mb or more:
     R 1.6Mb
     data 4.0Mb
     libs 3.4Mb
Flavors: r-devel-linux-x86_64-fedora-clang, r-devel-windows-x86_64, r-patched-solaris-x86, r-release-macos-arm64, r-release-macos-x86_64, r-release-windows-ix86+x86_64, r-oldrel-macos-x86_64, r-oldrel-windows-ix86+x86_64

Version: 3.2.0
Check: whether package can be installed
Result: ERROR
    Installation failed.
Flavor: r-devel-windows-x86_64-gcc10-UCRT