CRAN Package Check Results for Package MRH

Last updated on 2022-07-01 15:51:23 CEST.

Flavor Version Tinstall Tcheck Ttotal Status Flags
r-devel-linux-x86_64-debian-clang 2.2 14.97 96.44 111.41 NOTE
r-devel-linux-x86_64-debian-gcc 2.2 12.69 71.43 84.12 NOTE
r-devel-linux-x86_64-fedora-clang 2.2 148.63 NOTE
r-devel-linux-x86_64-fedora-gcc 2.2 141.42 NOTE
r-devel-windows-x86_64 2.2 28.00 118.00 146.00 OK
r-patched-linux-x86_64 2.2 16.96 91.77 108.73 NOTE
r-release-linux-x86_64 2.2 15.54 91.61 107.15 NOTE
r-release-macos-arm64 2.2 37.00 OK
r-release-macos-x86_64 2.2 55.00 OK
r-release-windows-x86_64 2.2 25.00 114.00 139.00 OK
r-oldrel-macos-arm64 2.2 46.00 OK
r-oldrel-macos-x86_64 2.2 75.00 OK
r-oldrel-windows-ix86+x86_64 2.2 32.00 134.00 166.00 OK

Check Details

Version: 2.2
Check: for non-standard things in the check directory
Result: NOTE
    Found the following files/directories:
     'MRH_lung'
Flavors: r-devel-linux-x86_64-debian-clang, r-devel-linux-x86_64-debian-gcc, r-devel-linux-x86_64-fedora-clang, r-devel-linux-x86_64-fedora-gcc, r-patched-linux-x86_64, r-release-linux-x86_64

Version: 2.2
Check: compiled code
Result: NOTE
    File ‘MRH/libs/MRH.so’:
     Found no calls to: ‘R_registerRoutines’, ‘R_useDynamicSymbols’
    
    It is good practice to register native routines and to disable symbol
    search.
    
    See ‘Writing portable packages’ in the ‘Writing R Extensions’ manual.
Flavors: r-devel-linux-x86_64-fedora-clang, r-devel-linux-x86_64-fedora-gcc