CRAN Package Check Results for Package MRFA

Last updated on 2020-09-22 03:49:31 CEST.

Flavor Version Tinstall Tcheck Ttotal Status Flags
r-devel-linux-x86_64-debian-clang 0.4 10.80 84.00 94.80 OK
r-devel-linux-x86_64-debian-gcc 0.4 0.29 1.91 2.20 ERROR
r-devel-linux-x86_64-fedora-clang 0.4 125.59 OK
r-devel-linux-x86_64-fedora-gcc 0.4 117.85 OK
r-devel-windows-ix86+x86_64 0.4 25.00 103.00 128.00 OK
r-patched-linux-x86_64 0.4 10.94 82.08 93.02 OK
r-patched-solaris-x86 0.4 167.50 OK
r-release-linux-x86_64 0.4 11.61 81.56 93.17 OK
r-release-macos-x86_64 0.4 OK
r-release-windows-ix86+x86_64 0.4 25.00 108.00 133.00 OK
r-oldrel-macos-x86_64 0.4 OK
r-oldrel-windows-ix86+x86_64 0.4 18.00 87.00 105.00 OK

Check Details

Version: 0.4
Check: whether package can be installed
Result: ERROR
    Installation failed.
Flavor: r-devel-linux-x86_64-debian-gcc