CRAN Package Check Results for Package MOSS

Last updated on 2021-09-21 15:51:05 CEST.

Flavor Version Tinstall Tcheck Ttotal Status Flags
r-devel-linux-x86_64-debian-clang 0.2.0 5.24 309.48 314.72 OK
r-devel-linux-x86_64-debian-gcc 0.2.0 4.44 238.38 242.82 OK
r-devel-linux-x86_64-fedora-clang 0.2.0 387.20 OK
r-devel-linux-x86_64-fedora-gcc 0.2.0 379.32 OK
r-devel-windows-x86_64 0.2.0 9.00 298.00 307.00 OK
r-devel-windows-x86_64-gcc10-UCRT 0.2.0 ERROR
r-patched-linux-x86_64 0.2.0 5.90 301.80 307.70 OK
r-patched-solaris-x86 0.2.0 510.90 OK
r-release-linux-x86_64 0.2.0 5.42 301.98 307.40 OK
r-release-macos-arm64 0.2.0 OK
r-release-macos-x86_64 0.2.0 OK
r-release-windows-ix86+x86_64 0.2.0 12.00 373.00 385.00 OK
r-oldrel-macos-x86_64 0.2.0 OK
r-oldrel-windows-ix86+x86_64 0.2.0 10.00 388.00 398.00 OK

Check Details

Version: 0.2.0
Check: package dependencies
Result: NOTE
    Package suggested but not available for checking: 'annotate'
Flavor: r-devel-windows-x86_64-gcc10-UCRT

Version: 0.2.0
Check: whether package can be installed
Result: WARN
    Found the following significant warnings:
     WARNING: installation-time patches will not be applied, could not get the patches index
Flavor: r-devel-windows-x86_64-gcc10-UCRT

Version: 0.2.0
Check: PDF version of manual
Result: WARN
    LaTeX errors when creating PDF version.
    This typically indicates Rd problems.
Flavor: r-devel-windows-x86_64-gcc10-UCRT

Version: 0.2.0
Check: PDF version of manual without hyperrefs or index
Result: ERROR
    Re-running with no redirection of stdout/stderr.
Flavor: r-devel-windows-x86_64-gcc10-UCRT