CRAN Package Check Results for Package MMDvariance

Last updated on 2020-11-25 15:52:01 CET.

Flavor Version Tinstall Tcheck Ttotal Status Flags
r-devel-linux-x86_64-debian-clang 0.0.9 8.19 55.95 64.14 OK
r-devel-linux-x86_64-debian-gcc 0.0.9 6.20 44.29 50.49 OK
r-devel-linux-x86_64-fedora-clang 0.0.9 83.93 OK
r-devel-linux-x86_64-fedora-gcc 0.0.9 73.03 OK
r-devel-windows-ix86+x86_64 0.0.9 14.00 73.00 87.00 OK
r-patched-linux-x86_64 0.0.9 6.24 53.51 59.75 OK
r-patched-solaris-x86 0.0.9 96.80 OK
r-release-linux-x86_64 0.0.9 7.81 52.28 60.09 OK
r-release-macos-x86_64 0.0.9 ERROR
r-release-windows-ix86+x86_64 0.0.9 14.00 73.00 87.00 OK
r-oldrel-macos-x86_64 0.0.9 ERROR
r-oldrel-windows-ix86+x86_64 0.0.9 9.00 74.00 83.00 OK

Check Details

Version: 0.0.9
Check: package dependencies
Result: NOTE
    Package suggested but not available for checking: ‘ALL’
Flavors: r-release-macos-x86_64, r-oldrel-macos-x86_64

Version: 0.0.9
Check: examples
Result: ERROR
    Running examples in ‘MMDvariance-Ex.R’ failed
    The error most likely occurred in:
    
    > ### Name: gsMMD.v
    > ### Title: Gene selection based on variances by using a mixture of marginal
    > ### distributions
    > ### Aliases: gsMMD.v
    > ### Keywords: classif
    >
    > ### ** Examples
    >
    > t1 = proc.time()
    > library(ALL)
    Error in library(ALL) : there is no package called ‘ALL’
    Execution halted
Flavors: r-release-macos-x86_64, r-oldrel-macos-x86_64