CRAN Package Check Results for Package MKomics

Last updated on 2021-03-02 03:53:58 CET.

Flavor Version Tinstall Tcheck Ttotal Status Flags
r-devel-linux-x86_64-debian-clang 0.5 OK
r-devel-linux-x86_64-debian-gcc 0.5 3.93 39.30 43.23 OK
r-devel-linux-x86_64-fedora-clang 0.5 75.35 NOTE
r-devel-linux-x86_64-fedora-gcc 0.5 68.57 OK
r-devel-windows-ix86+x86_64 0.5 8.00 49.00 57.00 OK
r-patched-linux-x86_64 0.5 4.99 48.65 53.64 OK
r-patched-solaris-x86 0.5 90.50 OK
r-release-linux-x86_64 0.5 4.98 48.91 53.89 OK
r-release-macos-x86_64 0.5 OK
r-release-windows-ix86+x86_64 0.5 8.00 71.00 79.00 OK
r-oldrel-macos-x86_64 0.5 OK
r-oldrel-windows-ix86+x86_64 0.5 7.00 65.00 72.00 OK

Check Details

Version: 0.5
Check: Rd cross-references
Result: NOTE
    Undeclared packages ‘genefilter’, ‘MKmisc’ in Rd xrefs
Flavor: r-devel-linux-x86_64-fedora-clang