CRAN Package Check Results for Package MIIPW

Last updated on 2023-01-29 16:55:03 CET.

Flavor Version Tinstall Tcheck Ttotal Status Flags
r-devel-linux-x86_64-debian-clang 0.1.0 7.79 65.31 73.10 OK
r-devel-linux-x86_64-debian-gcc 0.1.0 5.39 48.03 53.42 OK
r-devel-linux-x86_64-fedora-clang 0.1.0 92.38 NOTE
r-devel-linux-x86_64-fedora-gcc 0.1.0 108.66 NOTE
r-devel-windows-x86_64 0.1.0 19.00 98.00 117.00 OK
r-patched-linux-x86_64 0.1.0 7.71 62.52 70.23 OK
r-release-linux-x86_64 0.1.0 5.46 63.11 68.57 OK
r-release-macos-arm64 0.1.0 32.00 NOTE
r-release-macos-x86_64 0.1.0 41.00 NOTE
r-release-windows-x86_64 0.1.0 20.00 91.00 111.00 OK
r-oldrel-macos-arm64 0.1.0 34.00 NOTE
r-oldrel-macos-x86_64 0.1.0 46.00 NOTE
r-oldrel-windows-ix86+x86_64 0.1.0 18.00 92.00 110.00 OK

Check Details

Version: 0.1.0
Check: dependencies in R code
Result: NOTE
    Namespaces in Imports field not imported from:
     ‘stats’ ‘utils’
     All declared Imports should be used.
Flavors: r-devel-linux-x86_64-fedora-clang, r-devel-linux-x86_64-fedora-gcc, r-release-macos-arm64, r-release-macos-x86_64, r-oldrel-macos-arm64, r-oldrel-macos-x86_64