CRAN Package Check Results for Package MCMCvis

Last updated on 2022-10-07 15:53:01 CEST.

Flavor Version Tinstall Tcheck Ttotal Status Flags
r-devel-linux-x86_64-debian-clang 0.15.5 6.33 70.29 76.62 NOTE
r-devel-linux-x86_64-debian-gcc 0.15.5 5.72 52.52 58.24 NOTE
r-devel-linux-x86_64-fedora-clang 0.15.5 103.60 NOTE
r-devel-linux-x86_64-fedora-gcc 0.15.5 99.52 NOTE
r-devel-windows-x86_64 0.15.5 17.00 103.00 120.00 NOTE
r-patched-linux-x86_64 0.15.5 6.16 64.63 70.79 OK
r-release-linux-x86_64 0.15.5 4.53 65.31 69.84 OK
r-release-macos-arm64 0.15.5 32.00 OK
r-release-macos-x86_64 0.15.5 60.00 OK
r-release-windows-x86_64 0.15.5 14.00 101.00 115.00 OK
r-oldrel-macos-arm64 0.15.5 32.00 OK
r-oldrel-macos-x86_64 0.15.5 42.00 OK
r-oldrel-windows-ix86+x86_64 0.15.5 14.00 98.00 112.00 OK

Check Details

Version: 0.15.5
Check: package subdirectories
Result: NOTE
    Problems with news in 'NEWS.md':
    No news entries found.
Flavors: r-devel-linux-x86_64-debian-clang, r-devel-linux-x86_64-debian-gcc, r-devel-linux-x86_64-fedora-clang, r-devel-linux-x86_64-fedora-gcc, r-devel-windows-x86_64