CRAN Package Check Results for Package MCMCtreeR

Last updated on 2024-07-25 15:47:13 CEST.

Flavor Version Tinstall Tcheck Ttotal Status Flags
r-devel-linux-x86_64-debian-clang 1.1 8.17 129.19 137.36 NOTE
r-devel-linux-x86_64-debian-gcc 1.1 7.21 96.25 103.46 NOTE
r-devel-linux-x86_64-fedora-clang 1.1 176.18 NOTE
r-devel-linux-x86_64-fedora-gcc 1.1 216.51 NOTE
r-devel-windows-x86_64 1.1 8.00 103.00 111.00 NOTE
r-patched-linux-x86_64 1.1 NOTE
r-release-linux-x86_64 1.1 6.43 123.55 129.98 NOTE
r-release-macos-arm64 1.1 50.00 NOTE
r-release-macos-x86_64 1.1 80.00 NOTE
r-release-windows-x86_64 1.1 8.00 108.00 116.00 NOTE
r-oldrel-macos-arm64 1.1 51.00 NOTE
r-oldrel-macos-x86_64 1.1 77.00 NOTE
r-oldrel-windows-x86_64 1.1 10.00 119.00 129.00 NOTE

Check Details

Version: 1.1
Check: Rd files
Result: NOTE checkRd: (-1) MCMCtreePhy.Rd:68: Lost braces in \itemize; \value handles \item{}{} directly checkRd: (-1) MCMCtreePhy.Rd:69: Lost braces in \itemize; \value handles \item{}{} directly checkRd: (-1) MCMCtreePhy.Rd:70: Lost braces in \itemize; \value handles \item{}{} directly checkRd: (-1) MCMCtreePhy.Rd:71: Lost braces in \itemize; \value handles \item{}{} directly checkRd: (-1) estimateBound.Rd:35: Lost braces in \itemize; \value handles \item{}{} directly checkRd: (-1) estimateBound.Rd:36: Lost braces in \itemize; \value handles \item{}{} directly checkRd: (-1) estimateBound.Rd:37: Lost braces in \itemize; \value handles \item{}{} directly checkRd: (-1) estimateBound.Rd:38: Lost braces in \itemize; \value handles \item{}{} directly checkRd: (-1) estimateCauchy.Rd:42: Lost braces in \itemize; \value handles \item{}{} directly checkRd: (-1) estimateCauchy.Rd:43: Lost braces in \itemize; \value handles \item{}{} directly checkRd: (-1) estimateCauchy.Rd:44: Lost braces in \itemize; \value handles \item{}{} directly checkRd: (-1) estimateCauchy.Rd:45: Lost braces in \itemize; \value handles \item{}{} directly checkRd: (-1) estimateFixed.Rd:24: Lost braces in \itemize; \value handles \item{}{} directly checkRd: (-1) estimateFixed.Rd:25: Lost braces in \itemize; \value handles \item{}{} directly checkRd: (-1) estimateFixed.Rd:26: Lost braces in \itemize; \value handles \item{}{} directly checkRd: (-1) estimateFixed.Rd:27: Lost braces in \itemize; \value handles \item{}{} directly checkRd: (-1) estimateGamma.Rd:42: Lost braces in \itemize; \value handles \item{}{} directly checkRd: (-1) estimateGamma.Rd:43: Lost braces in \itemize; \value handles \item{}{} directly checkRd: (-1) estimateGamma.Rd:44: Lost braces in \itemize; \value handles \item{}{} directly checkRd: (-1) estimateGamma.Rd:45: Lost braces in \itemize; \value handles \item{}{} directly checkRd: (-1) estimateSkewNormal.Rd:49: Lost braces in \itemize; \value handles \item{}{} directly checkRd: (-1) estimateSkewNormal.Rd:50: Lost braces in \itemize; \value handles \item{}{} directly checkRd: (-1) estimateSkewNormal.Rd:51: Lost braces in \itemize; \value handles \item{}{} directly checkRd: (-1) estimateSkewNormal.Rd:52: Lost braces in \itemize; \value handles \item{}{} directly checkRd: (-1) estimateSkewT.Rd:51: Lost braces in \itemize; \value handles \item{}{} directly checkRd: (-1) estimateSkewT.Rd:52: Lost braces in \itemize; \value handles \item{}{} directly checkRd: (-1) estimateSkewT.Rd:53: Lost braces in \itemize; \value handles \item{}{} directly checkRd: (-1) estimateSkewT.Rd:54: Lost braces in \itemize; \value handles \item{}{} directly checkRd: (-1) estimateUpper.Rd:26: Lost braces in \itemize; \value handles \item{}{} directly checkRd: (-1) estimateUpper.Rd:27: Lost braces in \itemize; \value handles \item{}{} directly checkRd: (-1) estimateUpper.Rd:28: Lost braces in \itemize; \value handles \item{}{} directly checkRd: (-1) estimateUpper.Rd:29: Lost braces in \itemize; \value handles \item{}{} directly checkRd: (-1) priorPosterior.Rd:24: Lost braces in \itemize; \value handles \item{}{} directly checkRd: (-1) priorPosterior.Rd:25: Lost braces in \itemize; \value handles \item{}{} directly checkRd: (-1) priorPosterior.Rd:26: Lost braces in \itemize; \value handles \item{}{} directly Flavors: r-devel-linux-x86_64-debian-clang, r-devel-linux-x86_64-debian-gcc, r-devel-linux-x86_64-fedora-clang, r-devel-linux-x86_64-fedora-gcc, r-devel-windows-x86_64, r-patched-linux-x86_64, r-release-linux-x86_64, r-release-macos-arm64, r-release-macos-x86_64, r-release-windows-x86_64

Version: 1.1
Check: installed package size
Result: NOTE installed size is 7.4Mb sub-directories of 1Mb or more: doc 6.8Mb Flavors: r-devel-linux-x86_64-fedora-clang, r-devel-windows-x86_64, r-release-macos-arm64, r-release-macos-x86_64, r-release-windows-x86_64, r-oldrel-macos-arm64, r-oldrel-macos-x86_64, r-oldrel-windows-x86_64