CRAN Package Check Results for Package MCI2

Last updated on 2020-10-21 03:47:25 CEST.

Flavor Version Tinstall Tcheck Ttotal Status Flags
r-devel-linux-x86_64-debian-clang 1.1.2 7.89 73.07 80.96 OK
r-devel-linux-x86_64-debian-gcc 1.1.2 5.87 55.75 61.62 OK
r-devel-linux-x86_64-fedora-clang 1.1.2 108.82 NOTE
r-devel-linux-x86_64-fedora-gcc 1.1.2 102.04 NOTE
r-devel-windows-ix86+x86_64 1.1.2 14.00 69.00 83.00 OK
r-patched-linux-x86_64 1.1.2 6.76 66.85 73.61 OK
r-patched-solaris-x86 1.1.2 135.10 NOTE
r-release-linux-x86_64 1.1.2 7.33 67.21 74.54 OK
r-release-macos-x86_64 1.1.2 NOTE
r-release-windows-ix86+x86_64 1.1.2 19.00 92.00 111.00 OK
r-oldrel-macos-x86_64 1.1.2 NOTE
r-oldrel-windows-ix86+x86_64 1.1.2 12.00 67.00 79.00 OK

Check Details

Version: 1.1.2
Check: data for non-ASCII characters
Result: NOTE
     Note: found 28 marked UTF-8 strings
Flavors: r-devel-linux-x86_64-fedora-clang, r-devel-linux-x86_64-fedora-gcc, r-patched-solaris-x86, r-release-macos-x86_64, r-oldrel-macos-x86_64