CRAN Package Check Results for Package MBSP

Last updated on 2020-09-22 03:49:29 CEST.

Flavor Version Tinstall Tcheck Ttotal Status Flags
r-devel-linux-x86_64-debian-clang 1.0 9.91 78.17 88.08 OK
r-devel-linux-x86_64-debian-gcc 1.0 0.25 1.80 2.05 ERROR
r-devel-linux-x86_64-fedora-clang 1.0 113.93 OK
r-devel-linux-x86_64-fedora-gcc 1.0 106.38 OK
r-devel-windows-ix86+x86_64 1.0 20.00 102.00 122.00 OK
r-patched-linux-x86_64 1.0 8.95 76.18 85.13 OK
r-patched-solaris-x86 1.0 155.20 OK
r-release-linux-x86_64 1.0 7.70 76.30 84.00 OK
r-release-macos-x86_64 1.0 OK
r-release-windows-ix86+x86_64 1.0 20.00 80.00 100.00 OK
r-oldrel-macos-x86_64 1.0 OK
r-oldrel-windows-ix86+x86_64 1.0 13.00 93.00 106.00 OK

Check Details

Version: 1.0
Check: whether package can be installed
Result: ERROR
    Installation failed.
Flavor: r-devel-linux-x86_64-debian-gcc